{"id":11871,"date":"2025-04-07T12:10:51","date_gmt":"2025-04-07T10:10:51","guid":{"rendered":"https:\/\/initinere.fr\/?page_id=11871"},"modified":"2026-04-02T10:51:51","modified_gmt":"2026-04-02T08:51:51","slug":"verification-avec-in-itinere","status":"publish","type":"page","link":"https:\/\/initinere.fr\/?page_id=11871","title":{"rendered":"V\u00e9rification avec IN ITINERE"},"content":{"rendered":"\t\t<div data-elementor-type=\"wp-page\" data-elementor-id=\"11871\" class=\"elementor elementor-11871\">\n\t\t\t\t\t\t<section class=\"elementor-section elementor-top-section elementor-element elementor-element-0801b92 elementor-section-boxed elementor-section-height-default elementor-section-height-default qodef-elementor-content-no\" data-id=\"0801b92\" data-element_type=\"section\">\n\t\t\t\t\t\t<div class=\"elementor-container elementor-column-gap-default\">\n\t\t\t\t\t<div class=\"elementor-column elementor-col-100 elementor-top-column elementor-element elementor-element-573d3b0\" data-id=\"573d3b0\" data-element_type=\"column\">\n\t\t\t<div class=\"elementor-widget-wrap\">\n\t\t\t\t\t\t\t<\/div>\n\t\t<\/div>\n\t\t\t\t\t<\/div>\n\t\t<\/section>\n\t\t\t\t<section class=\"elementor-section elementor-top-section elementor-element elementor-element-405532a elementor-section-boxed elementor-section-height-default elementor-section-height-default qodef-elementor-content-no\" data-id=\"405532a\" data-element_type=\"section\">\n\t\t\t\t\t\t<div class=\"elementor-container elementor-column-gap-default\">\n\t\t\t\t\t<div class=\"elementor-column elementor-col-100 elementor-top-column elementor-element elementor-element-adc0aea\" data-id=\"adc0aea\" data-element_type=\"column\">\n\t\t\t<div class=\"elementor-widget-wrap elementor-element-populated\">\n\t\t\t\t\t\t<div class=\"elementor-element elementor-element-bf00199 elementor-widget elementor-widget-halstein_core_section_title\" data-id=\"bf00199\" data-element_type=\"widget\" data-widget_type=\"halstein_core_section_title.default\">\n\t\t\t\t<div class=\"elementor-widget-container\">\n\t\t\t\t\t<div class=\"qodef-shortcode qodef-m  qodef-section-title qodef-alignment--left  \">\n\t\t<h6 class=\"qodef-m-tagline\" >\n\t\tIN ITINERE\t<\/h6>\n\t\t<h2 class=\"qodef-m-title\" >\n\t\t\t\t\tITINERE se distingue par une approche innovante de la v\u00e9rification, repens\u00e9e comme un levier de transformation, et non comme une obligation de conformit\u00e9.\t\t\t<\/h2>\n\t\t<h5 class=\"qodef-m-subtitle\" style=\"color: #AD9169\">\n\t\tNotre programme &quot;V\u00e9rification en confiance&quot; (VC8.2026) est une r\u00e9volution dans l\u2019\u00e9valuation des entreprises \u00e0 mission :\t<\/h5>\n\t\t<\/div>\n\t\t\t\t<\/div>\n\t\t\t\t<\/div>\n\t\t\t\t<div class=\"elementor-element elementor-element-767a02f elementor-widget elementor-widget-halstein_core_list_items\" data-id=\"767a02f\" data-element_type=\"widget\" data-widget_type=\"halstein_core_list_items.default\">\n\t\t\t\t<div class=\"elementor-widget-container\">\n\t\t\t\t\t<div class=\"qodef-shortcode qodef-m  qodef-list-items qodef-layout--ticked-list \">\n\t\t\t<ul class=\"qodef-m-list\" >\n\t\t\t\t\t\t\t\t<li class=\"qodef-m-list-item\" style=\"margin-bottom: 5px\">\n\t<span class=\"qodef-m-list-item-marker\" >\n\t<svg class=\"qodef-svg--ticked-list-marker qodef-m-marker\" xmlns=\"http:\/\/www.w3.org\/2000\/svg\" width=\"10.563\" height=\"12.781\" viewBox=\"0 0 10.563 12.781\" xml:space=\"preserve\"><path stroke-miterlimit=\"10\" d=\"m1.482 8.347 3.281 3.28L9.807.688\"\/><\/svg><\/span>\n\t<p class=\"qodef-m-list-item-title\" >\n\t\t\t\tUne double m\u00e9thode d\u2019\u00e9valuation, adapt\u00e9e aussi bien aux grandes entreprises qu\u2019aux PME.\t\t\t<\/p>\n<\/li>\n\t\t\t\t\t\t\t\t<li class=\"qodef-m-list-item\" style=\"margin-bottom: 5px\">\n\t<span class=\"qodef-m-list-item-marker\" >\n\t<svg class=\"qodef-svg--ticked-list-marker qodef-m-marker\" xmlns=\"http:\/\/www.w3.org\/2000\/svg\" width=\"10.563\" height=\"12.781\" viewBox=\"0 0 10.563 12.781\" xml:space=\"preserve\"><path stroke-miterlimit=\"10\" d=\"m1.482 8.347 3.281 3.28L9.807.688\"\/><\/svg><\/span>\n\t<p class=\"qodef-m-list-item-title\" >\n\t\t\t\tUn travail terrain approfondi, pour comprendre le fonctionnement r\u00e9el de l\u2019entreprise.\t\t\t<\/p>\n<\/li>\n\t\t\t\t\t\t\t\t<li class=\"qodef-m-list-item\" style=\"margin-bottom: 5px\">\n\t<span class=\"qodef-m-list-item-marker\" >\n\t<svg class=\"qodef-svg--ticked-list-marker qodef-m-marker\" xmlns=\"http:\/\/www.w3.org\/2000\/svg\" width=\"10.563\" height=\"12.781\" viewBox=\"0 0 10.563 12.781\" xml:space=\"preserve\"><path stroke-miterlimit=\"10\" d=\"m1.482 8.347 3.281 3.28L9.807.688\"\/><\/svg><\/span>\n\t<p class=\"qodef-m-list-item-title\" >\n\t\t\t\tUne \u00e9valuation bas\u00e9e sur la valeur g\u00e9n\u00e9r\u00e9e, et non sur une conformit\u00e9 rigide \u00e0 des standards externes.\t\t\t<\/p>\n<\/li>\n\t\t\t\t<\/ul>\n\t<\/div>\n\t\t\t\t<\/div>\n\t\t\t\t<\/div>\n\t\t\t\t<div class=\"elementor-element elementor-element-b50f08e elementor-widget elementor-widget-spacer\" data-id=\"b50f08e\" data-element_type=\"widget\" data-widget_type=\"spacer.default\">\n\t\t\t\t<div class=\"elementor-widget-container\">\n\t\t\t\t\t\t\t<div class=\"elementor-spacer\">\n\t\t\t<div class=\"elementor-spacer-inner\"><\/div>\n\t\t<\/div>\n\t\t\t\t\t\t<\/div>\n\t\t\t\t<\/div>\n\t\t\t\t\t<\/div>\n\t\t<\/div>\n\t\t\t\t\t<\/div>\n\t\t<\/section>\n\t\t\t\t<section class=\"elementor-section elementor-top-section elementor-element elementor-element-d998752 elementor-section-boxed elementor-section-height-default elementor-section-height-default qodef-elementor-content-no\" data-id=\"d998752\" data-element_type=\"section\" data-settings=\"{&quot;background_background&quot;:&quot;classic&quot;}\">\n\t\t\t\t\t\t<div class=\"elementor-container elementor-column-gap-default\">\n\t\t\t\t\t<div class=\"elementor-column elementor-col-100 elementor-top-column elementor-element elementor-element-dd31c32\" data-id=\"dd31c32\" data-element_type=\"column\">\n\t\t\t<div class=\"elementor-widget-wrap elementor-element-populated\">\n\t\t\t\t\t\t<div class=\"elementor-element elementor-element-af3ac2e elementor-widget elementor-widget-halstein_core_section_title\" data-id=\"af3ac2e\" data-element_type=\"widget\" data-widget_type=\"halstein_core_section_title.default\">\n\t\t\t\t<div class=\"elementor-widget-container\">\n\t\t\t\t\t<div class=\"qodef-shortcode qodef-m  qodef-section-title qodef-alignment--left  \">\n\t\t\t<h2 class=\"qodef-m-title\" >\n\t\t\t\t\tNous sommes un organisme tiers ind\u00e9pendant (OTI) accr\u00e9dit\u00e9 par le COFRAC VALIDATION\/VERIFICATION NF EN ISO\/IEC 17029 sous le num\u00e9ro 3-1991, habilit\u00e9 \u00e0 v\u00e9rifier l\u2019ex\u00e9cution des objectifs sociaux et environnementaux des soci\u00e9t\u00e9s \u00e0 mission selon la loi Pacte.\t\t\t<\/h2>\n\t\t<h5 class=\"qodef-m-subtitle\" style=\"color: #AD9169\">\n\t\tNous nous engageons \u00e0 respecter des principes fondamentaux :\t<\/h5>\n\t\t<\/div>\n\t\t\t\t<\/div>\n\t\t\t\t<\/div>\n\t\t\t\t<div class=\"elementor-element elementor-element-21cdb47 elementor-widget elementor-widget-halstein_core_list_items\" data-id=\"21cdb47\" data-element_type=\"widget\" data-widget_type=\"halstein_core_list_items.default\">\n\t\t\t\t<div class=\"elementor-widget-container\">\n\t\t\t\t\t<div class=\"qodef-shortcode qodef-m  qodef-list-items qodef-layout--bulleted-list \">\n\t\t\t<ul class=\"qodef-m-list\" >\n\t\t\t\t\t\t\t\t<li class=\"qodef-m-list-item\" style=\"margin-bottom: 5px\">\n\t<span class=\"qodef-m-list-item-marker\" >\n\t<svg class=\"qodef-svg--bulleted-list-marker qodef-m-marker\" xmlns=\"http:\/\/www.w3.org\/2000\/svg\" width=\"9\" height=\"9\" viewBox=\"0 0 9 9\"><path d=\"M4.5 0A4.5 4.5 0 1 1 0 4.5 4.5 4.5 0 0 1 4.5 0Z\"\/><\/svg><\/span>\n\t<p class=\"qodef-m-list-item-title\" >\n\t\t\t\tInd\u00e9pendance et impartialit\u00e9, garantissant des \u00e9valuations objectives.\t\t\t<\/p>\n<\/li>\n\t\t\t\t\t\t\t\t<li class=\"qodef-m-list-item\" style=\"margin-bottom: 5px\">\n\t<span class=\"qodef-m-list-item-marker\" >\n\t<svg class=\"qodef-svg--bulleted-list-marker qodef-m-marker\" xmlns=\"http:\/\/www.w3.org\/2000\/svg\" width=\"9\" height=\"9\" viewBox=\"0 0 9 9\"><path d=\"M4.5 0A4.5 4.5 0 1 1 0 4.5 4.5 4.5 0 0 1 4.5 0Z\"\/><\/svg><\/span>\n\t<p class=\"qodef-m-list-item-title\" >\n\t\t\t\tConfidentialit\u00e9 et transparence, essentielles \u00e0 la confiance de nos clients.\t\t\t<\/p>\n<\/li>\n\t\t\t\t\t\t\t\t<li class=\"qodef-m-list-item\" style=\"margin-bottom: 5px\">\n\t<span class=\"qodef-m-list-item-marker\" >\n\t<svg class=\"qodef-svg--bulleted-list-marker qodef-m-marker\" xmlns=\"http:\/\/www.w3.org\/2000\/svg\" width=\"9\" height=\"9\" viewBox=\"0 0 9 9\"><path d=\"M4.5 0A4.5 4.5 0 1 1 0 4.5 4.5 4.5 0 0 1 4.5 0Z\"\/><\/svg><\/span>\n\t<p class=\"qodef-m-list-item-title\" >\n\t\t\t\tAccompagnement strat\u00e9gique, pour aider les entreprises \u00e0 progresser et renforcer leur impact.\t\t\t<\/p>\n<\/li>\n\t\t\t\t<\/ul>\n\t<\/div>\n\t\t\t\t<\/div>\n\t\t\t\t<\/div>\n\t\t\t\t<div class=\"elementor-element elementor-element-e8c8c4a elementor-widget elementor-widget-spacer\" data-id=\"e8c8c4a\" data-element_type=\"widget\" data-widget_type=\"spacer.default\">\n\t\t\t\t<div class=\"elementor-widget-container\">\n\t\t\t\t\t\t\t<div class=\"elementor-spacer\">\n\t\t\t<div class=\"elementor-spacer-inner\"><\/div>\n\t\t<\/div>\n\t\t\t\t\t\t<\/div>\n\t\t\t\t<\/div>\n\t\t\t\t\t<\/div>\n\t\t<\/div>\n\t\t\t\t\t<\/div>\n\t\t<\/section>\n\t\t\t\t<section class=\"elementor-section elementor-top-section elementor-element elementor-element-f7be999 elementor-section-boxed elementor-section-height-default elementor-section-height-default qodef-elementor-content-no\" data-id=\"f7be999\" data-element_type=\"section\">\n\t\t\t\t\t\t<div class=\"elementor-container elementor-column-gap-default\">\n\t\t\t\t\t<div class=\"elementor-column elementor-col-100 elementor-top-column elementor-element elementor-element-b29c28f\" data-id=\"b29c28f\" data-element_type=\"column\">\n\t\t\t<div class=\"elementor-widget-wrap elementor-element-populated\">\n\t\t\t\t\t\t<div class=\"elementor-element elementor-element-8538b2e elementor-widget elementor-widget-halstein_core_section_title\" data-id=\"8538b2e\" data-element_type=\"widget\" data-widget_type=\"halstein_core_section_title.default\">\n\t\t\t\t<div class=\"elementor-widget-container\">\n\t\t\t\t\t<div class=\"qodef-shortcode qodef-m  qodef-section-title qodef-alignment--left  \">\n\t\t\t<h2 class=\"qodef-m-title\" >\n\t\t\t\t\tPourquoi choisir IN ITINERE ?\t\t\t<\/h2>\n\t\t\t<\/div>\n\t\t\t\t<\/div>\n\t\t\t\t<\/div>\n\t\t\t\t\t<\/div>\n\t\t<\/div>\n\t\t\t\t\t<\/div>\n\t\t<\/section>\n\t\t\t\t<section class=\"elementor-section elementor-top-section elementor-element elementor-element-dec3537 elementor-section-boxed elementor-section-height-default elementor-section-height-default qodef-elementor-content-no\" data-id=\"dec3537\" data-element_type=\"section\">\n\t\t\t\t\t\t<div class=\"elementor-container elementor-column-gap-wider\">\n\t\t\t\t\t<div class=\"elementor-column elementor-col-25 elementor-top-column elementor-element elementor-element-1bf8778\" data-id=\"1bf8778\" data-element_type=\"column\">\n\t\t\t<div class=\"elementor-widget-wrap elementor-element-populated\">\n\t\t\t\t\t\t<div class=\"elementor-element elementor-element-b838324 elementor-view-default elementor-widget elementor-widget-icon\" data-id=\"b838324\" data-element_type=\"widget\" data-widget_type=\"icon.default\">\n\t\t\t\t<div class=\"elementor-widget-container\">\n\t\t\t\t\t\t\t<div class=\"elementor-icon-wrapper\">\n\t\t\t<div class=\"elementor-icon\">\n\t\t\t<i aria-hidden=\"true\" class=\"fas fa-check-circle\"><\/i>\t\t\t<\/div>\n\t\t<\/div>\n\t\t\t\t\t\t<\/div>\n\t\t\t\t<\/div>\n\t\t\t\t<div class=\"elementor-element elementor-element-021015e elementor-widget elementor-widget-heading\" data-id=\"021015e\" data-element_type=\"widget\" data-widget_type=\"heading.default\">\n\t\t\t\t<div class=\"elementor-widget-container\">\n\t\t\t\t\t<h5 class=\"elementor-heading-title elementor-size-default\">Un organisme accr\u00e9dit\u00e9, garant d\u2019ind\u00e9pendance et de rigueur.<\/h5>\t\t\t\t<\/div>\n\t\t\t\t<\/div>\n\t\t\t\t\t<\/div>\n\t\t<\/div>\n\t\t\t\t<div class=\"elementor-column elementor-col-25 elementor-top-column elementor-element elementor-element-64bb72a\" data-id=\"64bb72a\" data-element_type=\"column\">\n\t\t\t<div class=\"elementor-widget-wrap elementor-element-populated\">\n\t\t\t\t\t\t<div class=\"elementor-element elementor-element-50ee2be elementor-view-default elementor-widget elementor-widget-icon\" data-id=\"50ee2be\" data-element_type=\"widget\" data-widget_type=\"icon.default\">\n\t\t\t\t<div class=\"elementor-widget-container\">\n\t\t\t\t\t\t\t<div class=\"elementor-icon-wrapper\">\n\t\t\t<div class=\"elementor-icon\">\n\t\t\t<i aria-hidden=\"true\" class=\"fas fa-gem\"><\/i>\t\t\t<\/div>\n\t\t<\/div>\n\t\t\t\t\t\t<\/div>\n\t\t\t\t<\/div>\n\t\t\t\t<div class=\"elementor-element elementor-element-34e31dd elementor-widget elementor-widget-heading\" data-id=\"34e31dd\" data-element_type=\"widget\" data-widget_type=\"heading.default\">\n\t\t\t\t<div class=\"elementor-widget-container\">\n\t\t\t\t\t<h5 class=\"elementor-heading-title elementor-size-default\">Une approche unique, qui d\u00e9passe les simples standards de conformit\u00e9<\/h5>\t\t\t\t<\/div>\n\t\t\t\t<\/div>\n\t\t\t\t\t<\/div>\n\t\t<\/div>\n\t\t\t\t<div class=\"elementor-column elementor-col-25 elementor-top-column elementor-element elementor-element-66fd78b\" data-id=\"66fd78b\" data-element_type=\"column\">\n\t\t\t<div class=\"elementor-widget-wrap elementor-element-populated\">\n\t\t\t\t\t\t<div class=\"elementor-element elementor-element-0d32bcc elementor-view-default elementor-widget elementor-widget-icon\" data-id=\"0d32bcc\" data-element_type=\"widget\" data-widget_type=\"icon.default\">\n\t\t\t\t<div class=\"elementor-widget-container\">\n\t\t\t\t\t\t\t<div class=\"elementor-icon-wrapper\">\n\t\t\t<div class=\"elementor-icon\">\n\t\t\t<i aria-hidden=\"true\" class=\"fas fa-smile\"><\/i>\t\t\t<\/div>\n\t\t<\/div>\n\t\t\t\t\t\t<\/div>\n\t\t\t\t<\/div>\n\t\t\t\t<div class=\"elementor-element elementor-element-09b757b elementor-widget elementor-widget-heading\" data-id=\"09b757b\" data-element_type=\"widget\" data-widget_type=\"heading.default\">\n\t\t\t\t<div class=\"elementor-widget-container\">\n\t\t\t\t\t<h5 class=\"elementor-heading-title elementor-size-default\">Un accompagnement bienveillant, bas\u00e9 sur la confiance et le dialogue.<\/h5>\t\t\t\t<\/div>\n\t\t\t\t<\/div>\n\t\t\t\t\t<\/div>\n\t\t<\/div>\n\t\t\t\t<div class=\"elementor-column elementor-col-25 elementor-top-column elementor-element elementor-element-f66f0ae\" data-id=\"f66f0ae\" data-element_type=\"column\">\n\t\t\t<div class=\"elementor-widget-wrap elementor-element-populated\">\n\t\t\t\t\t\t<div class=\"elementor-element elementor-element-56d74a0 elementor-view-default elementor-widget elementor-widget-icon\" data-id=\"56d74a0\" data-element_type=\"widget\" data-widget_type=\"icon.default\">\n\t\t\t\t<div class=\"elementor-widget-container\">\n\t\t\t\t\t\t\t<div class=\"elementor-icon-wrapper\">\n\t\t\t<div class=\"elementor-icon\">\n\t\t\t<i aria-hidden=\"true\" class=\"fas fa-medal\"><\/i>\t\t\t<\/div>\n\t\t<\/div>\n\t\t\t\t\t\t<\/div>\n\t\t\t\t<\/div>\n\t\t\t\t<div class=\"elementor-element elementor-element-20cb3db elementor-widget elementor-widget-heading\" data-id=\"20cb3db\" data-element_type=\"widget\" data-widget_type=\"heading.default\">\n\t\t\t\t<div class=\"elementor-widget-container\">\n\t\t\t\t\t<h5 class=\"elementor-heading-title elementor-size-default\">Une expertise reconnue, au service des entreprises engag\u00e9es.<\/h5>\t\t\t\t<\/div>\n\t\t\t\t<\/div>\n\t\t\t\t\t<\/div>\n\t\t<\/div>\n\t\t\t\t\t<\/div>\n\t\t<\/section>\n\t\t\t\t<section class=\"elementor-section elementor-top-section elementor-element elementor-element-16a6f43 elementor-section-boxed elementor-section-height-default elementor-section-height-default qodef-elementor-content-no\" data-id=\"16a6f43\" data-element_type=\"section\">\n\t\t\t\t\t\t<div class=\"elementor-container elementor-column-gap-default\">\n\t\t\t\t\t<div class=\"elementor-column elementor-col-100 elementor-top-column elementor-element elementor-element-a959f7b\" data-id=\"a959f7b\" data-element_type=\"column\">\n\t\t\t<div class=\"elementor-widget-wrap elementor-element-populated\">\n\t\t\t\t\t\t\t<\/div>\n\t\t<\/div>\n\t\t\t\t\t<\/div>\n\t\t<\/section>\n\t\t\t\t<\/div>\n\t\t","protected":false},"excerpt":{"rendered":"<p>IN ITINERE ITINERE se distingue par une approche innovante de la v\u00e9rification, repens\u00e9e comme un levier de transformation, et non comme une obligation de conformit\u00e9. Notre programme &quot;V\u00e9rification en confiance&quot; (VC8.2026) est une r\u00e9volution dans l\u2019\u00e9valuation des entreprises \u00e0 mission : Une double m\u00e9thode d\u2019\u00e9valuation, adapt\u00e9e aussi bien aux grandes entreprises qu\u2019aux PME. Un travail [&hellip;]<\/p>\n","protected":false},"author":1,"featured_media":0,"parent":0,"menu_order":0,"comment_status":"closed","ping_status":"closed","template":"","meta":{"om_disable_all_campaigns":false,"_monsterinsights_skip_tracking":false,"_monsterinsights_sitenote_active":false,"_monsterinsights_sitenote_note":"","_monsterinsights_sitenote_category":0,"footnotes":""},"class_list":["post-11871","page","type-page","status-publish","hentry"],"aioseo_notices":[],"yoast_head":"<!-- This site is optimized with the Yoast SEO plugin v25.7 - https:\/\/yoast.com\/wordpress\/plugins\/seo\/ -->\n<title>V\u00e9rification avec IN ITINERE - IN ITINERE<\/title>\n<meta name=\"robots\" content=\"index, follow, max-snippet:-1, max-image-preview:large, max-video-preview:-1\" \/>\n<link rel=\"canonical\" href=\"https:\/\/initinere.fr\/?page_id=11871\" \/>\n<meta property=\"og:locale\" content=\"fr_FR\" \/>\n<meta property=\"og:type\" content=\"article\" \/>\n<meta property=\"og:title\" content=\"V\u00e9rification avec IN ITINERE - IN ITINERE\" \/>\n<meta property=\"og:description\" content=\"IN ITINERE ITINERE se distingue par une approche innovante de la v\u00e9rification, repens\u00e9e comme un levier de transformation, et non comme une obligation de conformit\u00e9. Notre programme &quot;V\u00e9rification en confiance&quot; (VC8.2026) est une r\u00e9volution dans l\u2019\u00e9valuation des entreprises \u00e0 mission : Une double m\u00e9thode d\u2019\u00e9valuation, adapt\u00e9e aussi bien aux grandes entreprises qu\u2019aux PME. Un travail [&hellip;]\" \/>\n<meta property=\"og:url\" content=\"https:\/\/initinere.fr\/?page_id=11871\" \/>\n<meta property=\"og:site_name\" content=\"IN ITINERE\" \/>\n<meta property=\"article:modified_time\" content=\"2026-04-02T08:51:51+00:00\" \/>\n<meta name=\"twitter:card\" content=\"summary_large_image\" \/>\n<meta name=\"twitter:label1\" content=\"Dur\u00e9e de lecture estim\u00e9e\" \/>\n\t<meta name=\"twitter:data1\" content=\"2 minutes\" \/>\n<script type=\"application\/ld+json\" class=\"yoast-schema-graph\">{\"@context\":\"https:\/\/schema.org\",\"@graph\":[{\"@type\":\"WebPage\",\"@id\":\"https:\/\/initinere.fr\/?page_id=11871\",\"url\":\"https:\/\/initinere.fr\/?page_id=11871\",\"name\":\"V\u00e9rification avec IN ITINERE - IN ITINERE\",\"isPartOf\":{\"@id\":\"https:\/\/initinere.fr\/#website\"},\"datePublished\":\"2025-04-07T10:10:51+00:00\",\"dateModified\":\"2026-04-02T08:51:51+00:00\",\"breadcrumb\":{\"@id\":\"https:\/\/initinere.fr\/?page_id=11871#breadcrumb\"},\"inLanguage\":\"fr-FR\",\"potentialAction\":[{\"@type\":\"ReadAction\",\"target\":[\"https:\/\/initinere.fr\/?page_id=11871\"]}]},{\"@type\":\"BreadcrumbList\",\"@id\":\"https:\/\/initinere.fr\/?page_id=11871#breadcrumb\",\"itemListElement\":[{\"@type\":\"ListItem\",\"position\":1,\"name\":\"Accueil\",\"item\":\"https:\/\/initinere.fr\/\"},{\"@type\":\"ListItem\",\"position\":2,\"name\":\"V\u00e9rification avec IN ITINERE\"}]},{\"@type\":\"WebSite\",\"@id\":\"https:\/\/initinere.fr\/#website\",\"url\":\"https:\/\/initinere.fr\/\",\"name\":\"IN ITINERE\",\"description\":\"Rendre compte par la confiance\",\"publisher\":{\"@id\":\"https:\/\/initinere.fr\/#organization\"},\"potentialAction\":[{\"@type\":\"SearchAction\",\"target\":{\"@type\":\"EntryPoint\",\"urlTemplate\":\"https:\/\/initinere.fr\/?s={search_term_string}\"},\"query-input\":{\"@type\":\"PropertyValueSpecification\",\"valueRequired\":true,\"valueName\":\"search_term_string\"}}],\"inLanguage\":\"fr-FR\"},{\"@type\":\"Organization\",\"@id\":\"https:\/\/initinere.fr\/#organization\",\"name\":\"IN ITINERE\",\"url\":\"https:\/\/initinere.fr\/\",\"logo\":{\"@type\":\"ImageObject\",\"inLanguage\":\"fr-FR\",\"@id\":\"https:\/\/initinere.fr\/#\/schema\/logo\/image\/\",\"url\":\"https:\/\/initinere.fr\/wp-content\/uploads\/2022\/12\/cropped-initinere.png\",\"contentUrl\":\"https:\/\/initinere.fr\/wp-content\/uploads\/2022\/12\/cropped-initinere.png\",\"width\":212,\"height\":126,\"caption\":\"IN ITINERE\"},\"image\":{\"@id\":\"https:\/\/initinere.fr\/#\/schema\/logo\/image\/\"},\"sameAs\":[\"https:\/\/www.linkedin.com\/in\/isabelle-lescanne-sauguet-a206a959\/?originalSubdomain=fr\",\"https:\/\/www.linkedin.com\/search\/results\/all\/?heroEntityKey=urnlifsd_profileACoAAAQvgXMBGrSZmq_iGv1jGJlp0oEMyRjqThQ&amp;amp;ampampkeywords=pascalelevet&amp;amp;ampamporigin=RICH_QUERY_SUGGESTION&amp;amp;ampampposition=0&amp;amp;ampampsearchId=b147fc7e-352c-4d74-80bc-4c446192c866&amp;amp;ampampsid=Ro\",\"https:\/\/www.linkedin.com\/search\/results\/all\/?heroEntityKey=urnlifsd_profileACoAAAS9hpEBb6-XOzdZGVcXfasKs6qO5gKF9Tw&amp;amp;ampampkeywords=aurlieghemourikrief&amp;amp;ampamporigin=RICH_QUERY_SUGGESTION&amp;amp;ampampposition=0&amp;amp;ampampsearchId=f2293d4f-84e9-4f00-bea9-83d638904776&amp;amp;ampampsid=vQK\"]}]}<\/script>\n<!-- \/ Yoast SEO plugin. -->","yoast_head_json":{"title":"V\u00e9rification avec IN ITINERE - IN ITINERE","robots":{"index":"index","follow":"follow","max-snippet":"max-snippet:-1","max-image-preview":"max-image-preview:large","max-video-preview":"max-video-preview:-1"},"canonical":"https:\/\/initinere.fr\/?page_id=11871","og_locale":"fr_FR","og_type":"article","og_title":"V\u00e9rification avec IN ITINERE - IN ITINERE","og_description":"IN ITINERE ITINERE se distingue par une approche innovante de la v\u00e9rification, repens\u00e9e comme un levier de transformation, et non comme une obligation de conformit\u00e9. Notre programme &quot;V\u00e9rification en confiance&quot; (VC8.2026) est une r\u00e9volution dans l\u2019\u00e9valuation des entreprises \u00e0 mission : Une double m\u00e9thode d\u2019\u00e9valuation, adapt\u00e9e aussi bien aux grandes entreprises qu\u2019aux PME. Un travail [&hellip;]","og_url":"https:\/\/initinere.fr\/?page_id=11871","og_site_name":"IN ITINERE","article_modified_time":"2026-04-02T08:51:51+00:00","twitter_card":"summary_large_image","twitter_misc":{"Dur\u00e9e de lecture estim\u00e9e":"2 minutes"},"schema":{"@context":"https:\/\/schema.org","@graph":[{"@type":"WebPage","@id":"https:\/\/initinere.fr\/?page_id=11871","url":"https:\/\/initinere.fr\/?page_id=11871","name":"V\u00e9rification avec IN ITINERE - IN ITINERE","isPartOf":{"@id":"https:\/\/initinere.fr\/#website"},"datePublished":"2025-04-07T10:10:51+00:00","dateModified":"2026-04-02T08:51:51+00:00","breadcrumb":{"@id":"https:\/\/initinere.fr\/?page_id=11871#breadcrumb"},"inLanguage":"fr-FR","potentialAction":[{"@type":"ReadAction","target":["https:\/\/initinere.fr\/?page_id=11871"]}]},{"@type":"BreadcrumbList","@id":"https:\/\/initinere.fr\/?page_id=11871#breadcrumb","itemListElement":[{"@type":"ListItem","position":1,"name":"Accueil","item":"https:\/\/initinere.fr\/"},{"@type":"ListItem","position":2,"name":"V\u00e9rification avec IN ITINERE"}]},{"@type":"WebSite","@id":"https:\/\/initinere.fr\/#website","url":"https:\/\/initinere.fr\/","name":"IN ITINERE","description":"Rendre compte par la confiance","publisher":{"@id":"https:\/\/initinere.fr\/#organization"},"potentialAction":[{"@type":"SearchAction","target":{"@type":"EntryPoint","urlTemplate":"https:\/\/initinere.fr\/?s={search_term_string}"},"query-input":{"@type":"PropertyValueSpecification","valueRequired":true,"valueName":"search_term_string"}}],"inLanguage":"fr-FR"},{"@type":"Organization","@id":"https:\/\/initinere.fr\/#organization","name":"IN ITINERE","url":"https:\/\/initinere.fr\/","logo":{"@type":"ImageObject","inLanguage":"fr-FR","@id":"https:\/\/initinere.fr\/#\/schema\/logo\/image\/","url":"https:\/\/initinere.fr\/wp-content\/uploads\/2022\/12\/cropped-initinere.png","contentUrl":"https:\/\/initinere.fr\/wp-content\/uploads\/2022\/12\/cropped-initinere.png","width":212,"height":126,"caption":"IN ITINERE"},"image":{"@id":"https:\/\/initinere.fr\/#\/schema\/logo\/image\/"},"sameAs":["https:\/\/www.linkedin.com\/in\/isabelle-lescanne-sauguet-a206a959\/?originalSubdomain=fr","https:\/\/www.linkedin.com\/search\/results\/all\/?heroEntityKey=urnlifsd_profileACoAAAQvgXMBGrSZmq_iGv1jGJlp0oEMyRjqThQ&amp;amp;ampampkeywords=pascalelevet&amp;amp;ampamporigin=RICH_QUERY_SUGGESTION&amp;amp;ampampposition=0&amp;amp;ampampsearchId=b147fc7e-352c-4d74-80bc-4c446192c866&amp;amp;ampampsid=Ro","https:\/\/www.linkedin.com\/search\/results\/all\/?heroEntityKey=urnlifsd_profileACoAAAS9hpEBb6-XOzdZGVcXfasKs6qO5gKF9Tw&amp;amp;ampampkeywords=aurlieghemourikrief&amp;amp;ampamporigin=RICH_QUERY_SUGGESTION&amp;amp;ampampposition=0&amp;amp;ampampsearchId=f2293d4f-84e9-4f00-bea9-83d638904776&amp;amp;ampampsid=vQK"]}]}},"_links":{"self":[{"href":"https:\/\/initinere.fr\/index.php?rest_route=\/wp\/v2\/pages\/11871","targetHints":{"allow":["GET"]}}],"collection":[{"href":"https:\/\/initinere.fr\/index.php?rest_route=\/wp\/v2\/pages"}],"about":[{"href":"https:\/\/initinere.fr\/index.php?rest_route=\/wp\/v2\/types\/page"}],"author":[{"embeddable":true,"href":"https:\/\/initinere.fr\/index.php?rest_route=\/wp\/v2\/users\/1"}],"replies":[{"embeddable":true,"href":"https:\/\/initinere.fr\/index.php?rest_route=%2Fwp%2Fv2%2Fcomments&post=11871"}],"version-history":[{"count":38,"href":"https:\/\/initinere.fr\/index.php?rest_route=\/wp\/v2\/pages\/11871\/revisions"}],"predecessor-version":[{"id":12523,"href":"https:\/\/initinere.fr\/index.php?rest_route=\/wp\/v2\/pages\/11871\/revisions\/12523"}],"wp:attachment":[{"href":"https:\/\/initinere.fr\/index.php?rest_route=%2Fwp%2Fv2%2Fmedia&parent=11871"}],"curies":[{"name":"wp","href":"https:\/\/api.w.org\/{rel}","templated":true}]}}