{"id":11571,"date":"2025-03-28T10:49:30","date_gmt":"2025-03-28T09:49:30","guid":{"rendered":"https:\/\/initinere.fr\/?page_id=11571"},"modified":"2025-07-31T12:04:31","modified_gmt":"2025-07-31T10:04:31","slug":"pairs-confianceurs","status":"publish","type":"page","link":"https:\/\/initinere.fr\/?page_id=11571","title":{"rendered":"Pairs-confianceurs"},"content":{"rendered":"\t\t<div data-elementor-type=\"wp-page\" data-elementor-id=\"11571\" class=\"elementor elementor-11571\">\n\t\t\t\t\t\t<section class=\"elementor-section elementor-top-section elementor-element elementor-element-1281838 elementor-section-boxed elementor-section-height-default elementor-section-height-default qodef-elementor-content-no\" data-id=\"1281838\" data-element_type=\"section\">\n\t\t\t\t\t\t<div class=\"elementor-container elementor-column-gap-default\">\n\t\t\t\t\t<div class=\"elementor-column elementor-col-100 elementor-top-column elementor-element elementor-element-12a40f0\" data-id=\"12a40f0\" data-element_type=\"column\">\n\t\t\t<div class=\"elementor-widget-wrap elementor-element-populated\">\n\t\t\t\t\t\t<div class=\"elementor-element elementor-element-ecee1b3 elementor-widget__width-initial elementor-widget elementor-widget-qi_addons_for_elementor_typeout_text\" data-id=\"ecee1b3\" data-element_type=\"widget\" data-widget_type=\"qi_addons_for_elementor_typeout_text.default\">\n\t\t\t\t<div class=\"elementor-widget-container\">\n\t\t\t\t\t<div class=\"qodef-shortcode qodef-m qodef-qi-typeout-text\" data-strings=\"[&quot;&quot;]\" data-cursor=\"|\">\n\t<h4 class=\"qodef-m-text\">\n\t\t\t\t\tA travers son programme de v\u00e9rification IN ITINERE d\u00e9ploie concr\u00e8tement l\u2019id\u00e9e de \u00ab faire soci\u00e9t\u00e9 \u00bb. C\u2019est dans cette philosophie qu\u2019IN ITINERE a con\u00e7u une nouvelle forme de collaboration syst\u00e9mique et a initi\u00e9 une communaut\u00e9 de pairs confianceurs qui participent aux missions de v\u00e9rifications, sous la responsabilit\u00e9 de IN ITINERE.\t\t\t\t<span class=\"qodef-typeout-holder\">\n\t\t\t<span class=\"qodef-typeout\"><\/span>\n\t\t<\/span>\n\t<\/h4>\n<\/div>\n\t\t\t\t<\/div>\n\t\t\t\t<\/div>\n\t\t\t\t<div class=\"elementor-element elementor-element-5b64b73 elementor-widget elementor-widget-qi_addons_for_elementor_testimonials_list\" data-id=\"5b64b73\" data-element_type=\"widget\" data-widget_type=\"qi_addons_for_elementor_testimonials_list.default\">\n\t\t\t\t<div class=\"elementor-widget-container\">\n\t\t\t\t\t<div class=\"qodef-shortcode qodef-m qodef-qi-testimonials-list qodef-qi-grid qodef-layout--qi-columns qodef-col-num--1 qodef-item-layout--boxed qodef-responsive--predefined\">\n\t<div class=\"qodef-grid-inner\">\n\t\t<div class=\"qodef-e qodef-grid-item elementor-repeater-item-3a09ed3\">\n\t<div class=\"qodef-e-inner\">\n\t\t\t<div class=\"qodef-e-quote\">\n\t\t<svg class=\"qodef-e-quote-icon\" xmlns=\"http:\/\/www.w3.org\/2000\/svg\" x=\"0px\" y=\"0px\" viewBox=\"0 0 190.5 148\" xml:space=\"preserve\"><g><path d=\"M37.7,146.3L2.1,124.6C19.3,100,28.2,74.1,28.8,46.7V2.3H90v38.8c0,19.3-5,38.8-15.1,58.4C64.9,119,52.5,134.6,37.7,146.3z M133.7,146.3l-35.6-21.7c17.2-24.5,26.2-50.5,26.8-77.9V2.3h61.2v38.8c0,19.3-5,38.8-15.1,58.4C160.9,119,148.5,134.6,133.7,146.3z\"\/><\/g><\/svg>\t<\/div>\n\t\t\t<div class=\"qodef-e-top\">\n\t\t\t\t<div class=\"qodef-e-media-image\">\n\t\t<img decoding=\"async\" width=\"150\" height=\"150\" src=\"https:\/\/initinere.fr\/wp-content\/uploads\/2022\/08\/qi-addons-for-elementor-placeholder-150x150.png\" class=\"attachment-thumbnail size-thumbnail\" alt=\"\" srcset=\"https:\/\/initinere.fr\/wp-content\/uploads\/2022\/08\/qi-addons-for-elementor-placeholder-150x150.png 150w, https:\/\/initinere.fr\/wp-content\/uploads\/2022\/08\/qi-addons-for-elementor-placeholder-300x300.png 300w, https:\/\/initinere.fr\/wp-content\/uploads\/2022\/08\/qi-addons-for-elementor-placeholder-100x100.png 100w\" sizes=\"(max-width: 150px) 100vw, 150px\" \/>\t<\/div>\n\t\t<\/div>\n\t\t<div class=\"qodef-e-content\">\n\t\t\t\t<h2 class=\"qodef-e-title\">\n\t\tQui sont les confianceurs ?\t<\/h2>\n\t\t\t\t\t<h5 itemprop=\"description\" class=\"qodef-e-text\">Les confianceurs sont des professionnels accomplis, qualifi\u00e9s et reconnus pour leur sens de l\u2019impartialit\u00e9. Curieux des enjeux soci\u00e9taux et \u00e9conomiques, ils souhaitent contribuer activement \u00e0 la nouvelle dynamique de progr\u00e8s en s\u2019impliquant dans la v\u00e9rification des entreprises engag\u00e9es dans une trajectoire contributive.\nIls poss\u00e8dent une exp\u00e9rience leur permettant d\u2019appr\u00e9hender la complexit\u00e9 des mod\u00e8les d\u2019affaires et d\u2019analyser sans jugement les r\u00e9cits illustrant l\u2019ex\u00e9cution de la mission.\n<\/h5>\n\t\t\t\t\t<\/div>\n\t<\/div>\n<\/div>\n\t<\/div>\n<\/div>\n\t\t\t\t<\/div>\n\t\t\t\t<\/div>\n\t\t\t\t\t<\/div>\n\t\t<\/div>\n\t\t\t\t\t<\/div>\n\t\t<\/section>\n\t\t\t\t<section class=\"elementor-section elementor-top-section elementor-element elementor-element-95890c3 elementor-section-boxed elementor-section-height-default elementor-section-height-default qodef-elementor-content-no\" data-id=\"95890c3\" data-element_type=\"section\">\n\t\t\t\t\t\t<div class=\"elementor-container elementor-column-gap-default\">\n\t\t\t\t\t<div class=\"elementor-column elementor-col-16 elementor-top-column elementor-element elementor-element-be37f95\" data-id=\"be37f95\" data-element_type=\"column\">\n\t\t\t<div class=\"elementor-widget-wrap\">\n\t\t\t\t\t\t\t<\/div>\n\t\t<\/div>\n\t\t\t\t<div class=\"elementor-column elementor-col-66 elementor-top-column elementor-element elementor-element-051129d\" data-id=\"051129d\" data-element_type=\"column\" data-settings=\"{&quot;background_background&quot;:&quot;classic&quot;}\">\n\t\t\t<div class=\"elementor-widget-wrap elementor-element-populated\">\n\t\t\t\t\t\t<div class=\"elementor-element elementor-element-a5b986f elementor-widget elementor-widget-image\" data-id=\"a5b986f\" data-element_type=\"widget\" data-widget_type=\"image.default\">\n\t\t\t\t<div class=\"elementor-widget-container\">\n\t\t\t\t\t\t\t\t\t\t\t\t\t\t\t<img fetchpriority=\"high\" decoding=\"async\" width=\"1024\" height=\"410\" src=\"https:\/\/initinere.fr\/wp-content\/uploads\/2025\/07\/Capture-decran-2025-07-22-093044-1024x410.png\" class=\"attachment-large size-large wp-image-12412\" alt=\"\" srcset=\"https:\/\/initinere.fr\/wp-content\/uploads\/2025\/07\/Capture-decran-2025-07-22-093044-1024x410.png 1024w, https:\/\/initinere.fr\/wp-content\/uploads\/2025\/07\/Capture-decran-2025-07-22-093044-300x120.png 300w, https:\/\/initinere.fr\/wp-content\/uploads\/2025\/07\/Capture-decran-2025-07-22-093044-768x307.png 768w, https:\/\/initinere.fr\/wp-content\/uploads\/2025\/07\/Capture-decran-2025-07-22-093044.png 1194w\" sizes=\"(max-width: 1024px) 100vw, 1024px\" \/>\t\t\t\t\t\t\t\t\t\t\t\t\t\t\t<\/div>\n\t\t\t\t<\/div>\n\t\t\t\t<div class=\"elementor-element elementor-element-ef96c1f elementor-widget elementor-widget-qi_addons_for_elementor_how_to\" data-id=\"ef96c1f\" data-element_type=\"widget\" data-widget_type=\"qi_addons_for_elementor_how_to.default\">\n\t\t\t\t<div class=\"elementor-widget-container\">\n\t\t\t\t\t<div class=\"qodef-shortcode qodef-m qodef-qi-how-to\">\n\t<div class=\"qodef-m-title-holder\">\n\t\t\t<h2 class=\"qodef-m-title\">\n\t\tDevenir pair-confianceur\t<\/h2>\n\t\t<p class=\"qodef-m-text\">Les professionnels int\u00e9ress\u00e9s doivent candidater pour int\u00e9grer une liste d\u2019aptitude aux missions de confianceurs. Ils s\u2019engagent \u00e0 :<\/p>\n<\/div>\n\t<div class=\"qodef-m-content\">\n\t\t<div class=\"qodef-e-step\">\n\t<\/div>\n\t<\/div>\n<\/div>\n\t<script type=\"application\/ld+json\">{\"@context\":\"https:\\\/\\\/schema.org\",\"@type\":\"HowTo\",\"name\":\"Devenir pair-confianceur\",\"description\":\"Les professionnels int\\u00e9ress\\u00e9s doivent candidater pour int\\u00e9grer une liste d\\u2019aptitude aux missions de confianceurs. Ils s\\u2019engagent \\u00e0 :\",\"step\":[]}<\/script>\n\t\t\t\t<\/div>\n\t\t\t\t<\/div>\n\t\t\t\t<div class=\"elementor-element elementor-element-ca8b5c6 elementor-widget elementor-widget-text-editor\" data-id=\"ca8b5c6\" data-element_type=\"widget\" data-widget_type=\"text-editor.default\">\n\t\t\t\t<div class=\"elementor-widget-container\">\n\t\t\t\t\t\t\t\t\t<ul>\n<li><span style=\"font-weight: 400;\">Participer \u00e0 au moins une mission de v\u00e9rification par an pendant trois ans.<\/span><\/li>\n<li><span style=\"font-weight: 400;\">Suivre l\u2019ensemble des formations d\u00e9di\u00e9es.<\/span><\/li>\n<\/ul>\n<p><span style=\"font-weight: 400;\">Les pairs-confianceurs sont form\u00e9s \u00e0 :<\/span><\/p>\n<ul>\n<li style=\"font-weight: 400;\" aria-level=\"1\"><span style=\"font-weight: 400;\">La culture de la v\u00e9rification en confiance.<\/span><\/li>\n<li style=\"font-weight: 400;\" aria-level=\"1\"><span style=\"font-weight: 400;\">Les m\u00e9thodes d\u00e9velopp\u00e9es par IN ITINERE.<\/span><\/li>\n<li style=\"font-weight: 400;\" aria-level=\"1\"><span style=\"font-weight: 400;\">L\u2019utilisation des outils de v\u00e9rification IN ITINERE.<\/span><\/li>\n<\/ul>\t\t\t\t\t\t\t\t<\/div>\n\t\t\t\t<\/div>\n\t\t\t\t<div class=\"elementor-element elementor-element-04f33e8 elementor-widget elementor-widget-halstein_core_button\" data-id=\"04f33e8\" data-element_type=\"widget\" data-widget_type=\"halstein_core_button.default\">\n\t\t\t\t<div class=\"elementor-widget-container\">\n\t\t\t\t\t<a class=\"qodef-shortcode qodef-m  qodef-button qodef-layout--filled-one qodef-size--full qodef-html--link \" href=\"https:\/\/initinere.fr\/?page_id=1936\" target=\"_self\"  style=\"color: #FFFFFF;background-color: #1D253B\">\n\t<span class=\"qodef-m-text\">Je deviens pair-confianceur<\/span>\n<\/a>\n\t\t\t\t<\/div>\n\t\t\t\t<\/div>\n\t\t\t\t\t<\/div>\n\t\t<\/div>\n\t\t\t\t<div class=\"elementor-column elementor-col-16 elementor-top-column elementor-element elementor-element-9dfd58c\" data-id=\"9dfd58c\" data-element_type=\"column\">\n\t\t\t<div class=\"elementor-widget-wrap\">\n\t\t\t\t\t\t\t<\/div>\n\t\t<\/div>\n\t\t\t\t\t<\/div>\n\t\t<\/section>\n\t\t\t\t<section class=\"elementor-section elementor-top-section elementor-element elementor-element-ce35230 elementor-section-boxed elementor-section-height-default elementor-section-height-default qodef-elementor-content-no\" data-id=\"ce35230\" data-element_type=\"section\">\n\t\t\t\t\t\t<div class=\"elementor-container elementor-column-gap-default\">\n\t\t\t\t\t<div class=\"elementor-column elementor-col-100 elementor-top-column elementor-element elementor-element-784485d\" data-id=\"784485d\" data-element_type=\"column\">\n\t\t\t<div class=\"elementor-widget-wrap elementor-element-populated\">\n\t\t\t\t\t\t<div class=\"elementor-element elementor-element-cc939b7 elementor-widget elementor-widget-text-editor\" data-id=\"cc939b7\" data-element_type=\"widget\" data-widget_type=\"text-editor.default\">\n\t\t\t\t<div class=\"elementor-widget-container\">\n\t\t\t\t\t\t\t\t\t<h3>Formation Pair-confianceur : Travaux de groupe\u00a0<\/h3>\t\t\t\t\t\t\t\t<\/div>\n\t\t\t\t<\/div>\n\t\t\t\t\t<\/div>\n\t\t<\/div>\n\t\t\t\t\t<\/div>\n\t\t<\/section>\n\t\t\t\t<section class=\"elementor-section elementor-top-section elementor-element elementor-element-fb49c0c elementor-section-boxed elementor-section-height-default elementor-section-height-default qodef-elementor-content-no\" data-id=\"fb49c0c\" data-element_type=\"section\">\n\t\t\t\t\t\t<div class=\"elementor-container elementor-column-gap-default\">\n\t\t\t\t\t<div class=\"elementor-column elementor-col-50 elementor-top-column elementor-element elementor-element-d637eab\" data-id=\"d637eab\" data-element_type=\"column\">\n\t\t\t<div class=\"elementor-widget-wrap elementor-element-populated\">\n\t\t\t\t\t\t<div class=\"elementor-element elementor-element-a08bbef elementor-widget elementor-widget-image\" data-id=\"a08bbef\" data-element_type=\"widget\" data-widget_type=\"image.default\">\n\t\t\t\t<div class=\"elementor-widget-container\">\n\t\t\t\t\t\t\t\t\t\t\t\t\t\t\t<img decoding=\"async\" width=\"691\" height=\"512\" src=\"https:\/\/initinere.fr\/wp-content\/uploads\/2025\/07\/Capture-decran-2025-07-31-114918.png\" class=\"attachment-large size-large wp-image-12464\" alt=\"\" srcset=\"https:\/\/initinere.fr\/wp-content\/uploads\/2025\/07\/Capture-decran-2025-07-31-114918.png 691w, https:\/\/initinere.fr\/wp-content\/uploads\/2025\/07\/Capture-decran-2025-07-31-114918-300x222.png 300w\" sizes=\"(max-width: 691px) 100vw, 691px\" \/>\t\t\t\t\t\t\t\t\t\t\t\t\t\t\t<\/div>\n\t\t\t\t<\/div>\n\t\t\t\t\t<\/div>\n\t\t<\/div>\n\t\t\t\t<div class=\"elementor-column elementor-col-50 elementor-top-column elementor-element elementor-element-3c8a40f\" data-id=\"3c8a40f\" data-element_type=\"column\">\n\t\t\t<div class=\"elementor-widget-wrap elementor-element-populated\">\n\t\t\t\t\t\t<div class=\"elementor-element elementor-element-1c0e26e elementor-widget elementor-widget-image\" data-id=\"1c0e26e\" data-element_type=\"widget\" data-widget_type=\"image.default\">\n\t\t\t\t<div class=\"elementor-widget-container\">\n\t\t\t\t\t\t\t\t\t\t\t\t\t\t\t<img loading=\"lazy\" decoding=\"async\" width=\"688\" height=\"647\" src=\"https:\/\/initinere.fr\/wp-content\/uploads\/2025\/07\/Capture-decran-2025-07-31-114958.png\" class=\"attachment-large size-large wp-image-12465\" alt=\"\" srcset=\"https:\/\/initinere.fr\/wp-content\/uploads\/2025\/07\/Capture-decran-2025-07-31-114958.png 688w, https:\/\/initinere.fr\/wp-content\/uploads\/2025\/07\/Capture-decran-2025-07-31-114958-300x282.png 300w\" sizes=\"(max-width: 688px) 100vw, 688px\" \/>\t\t\t\t\t\t\t\t\t\t\t\t\t\t\t<\/div>\n\t\t\t\t<\/div>\n\t\t\t\t\t<\/div>\n\t\t<\/div>\n\t\t\t\t\t<\/div>\n\t\t<\/section>\n\t\t\t\t<\/div>\n\t\t","protected":false},"excerpt":{"rendered":"<p>A travers son programme de v\u00e9rification IN ITINERE d\u00e9ploie concr\u00e8tement l\u2019id\u00e9e de \u00ab faire soci\u00e9t\u00e9 \u00bb. C\u2019est dans cette philosophie qu\u2019IN ITINERE a con\u00e7u une nouvelle forme de collaboration syst\u00e9mique et a initi\u00e9 une communaut\u00e9 de pairs confianceurs qui participent aux missions de v\u00e9rifications, sous la responsabilit\u00e9 de IN ITINERE. Qui sont les confianceurs ? [&hellip;]<\/p>\n","protected":false},"author":1,"featured_media":0,"parent":0,"menu_order":0,"comment_status":"closed","ping_status":"closed","template":"","meta":{"om_disable_all_campaigns":false,"_monsterinsights_skip_tracking":false,"_monsterinsights_sitenote_active":false,"_monsterinsights_sitenote_note":"","_monsterinsights_sitenote_category":0,"footnotes":""},"class_list":["post-11571","page","type-page","status-publish","hentry"],"aioseo_notices":[],"yoast_head":"<!-- This site is optimized with the Yoast SEO plugin v25.7 - https:\/\/yoast.com\/wordpress\/plugins\/seo\/ -->\n<title>Pairs-confianceurs - IN ITINERE<\/title>\n<meta name=\"robots\" content=\"index, follow, max-snippet:-1, max-image-preview:large, max-video-preview:-1\" \/>\n<link rel=\"canonical\" href=\"https:\/\/initinere.fr\/?page_id=11571\" \/>\n<meta property=\"og:locale\" content=\"fr_FR\" \/>\n<meta property=\"og:type\" content=\"article\" \/>\n<meta property=\"og:title\" content=\"Pairs-confianceurs - IN ITINERE\" \/>\n<meta property=\"og:description\" content=\"A travers son programme de v\u00e9rification IN ITINERE d\u00e9ploie concr\u00e8tement l\u2019id\u00e9e de \u00ab faire soci\u00e9t\u00e9 \u00bb. C\u2019est dans cette philosophie qu\u2019IN ITINERE a con\u00e7u une nouvelle forme de collaboration syst\u00e9mique et a initi\u00e9 une communaut\u00e9 de pairs confianceurs qui participent aux missions de v\u00e9rifications, sous la responsabilit\u00e9 de IN ITINERE. Qui sont les confianceurs ? [&hellip;]\" \/>\n<meta property=\"og:url\" content=\"https:\/\/initinere.fr\/?page_id=11571\" \/>\n<meta property=\"og:site_name\" content=\"IN ITINERE\" \/>\n<meta property=\"article:modified_time\" content=\"2025-07-31T10:04:31+00:00\" \/>\n<meta property=\"og:image\" content=\"http:\/\/initinere.fr\/wp-content\/uploads\/2022\/08\/qi-addons-for-elementor-placeholder-150x150.png\" \/>\n<meta name=\"twitter:card\" content=\"summary_large_image\" \/>\n<meta name=\"twitter:label1\" content=\"Dur\u00e9e de lecture estim\u00e9e\" \/>\n\t<meta name=\"twitter:data1\" content=\"2 minutes\" \/>\n<script type=\"application\/ld+json\" class=\"yoast-schema-graph\">{\"@context\":\"https:\/\/schema.org\",\"@graph\":[{\"@type\":\"WebPage\",\"@id\":\"https:\/\/initinere.fr\/?page_id=11571\",\"url\":\"https:\/\/initinere.fr\/?page_id=11571\",\"name\":\"Pairs-confianceurs - IN ITINERE\",\"isPartOf\":{\"@id\":\"https:\/\/initinere.fr\/#website\"},\"primaryImageOfPage\":{\"@id\":\"https:\/\/initinere.fr\/?page_id=11571#primaryimage\"},\"image\":{\"@id\":\"https:\/\/initinere.fr\/?page_id=11571#primaryimage\"},\"thumbnailUrl\":\"http:\/\/initinere.fr\/wp-content\/uploads\/2022\/08\/qi-addons-for-elementor-placeholder-150x150.png\",\"datePublished\":\"2025-03-28T09:49:30+00:00\",\"dateModified\":\"2025-07-31T10:04:31+00:00\",\"breadcrumb\":{\"@id\":\"https:\/\/initinere.fr\/?page_id=11571#breadcrumb\"},\"inLanguage\":\"fr-FR\",\"potentialAction\":[{\"@type\":\"ReadAction\",\"target\":[\"https:\/\/initinere.fr\/?page_id=11571\"]}]},{\"@type\":\"ImageObject\",\"inLanguage\":\"fr-FR\",\"@id\":\"https:\/\/initinere.fr\/?page_id=11571#primaryimage\",\"url\":\"http:\/\/initinere.fr\/wp-content\/uploads\/2022\/08\/qi-addons-for-elementor-placeholder-150x150.png\",\"contentUrl\":\"http:\/\/initinere.fr\/wp-content\/uploads\/2022\/08\/qi-addons-for-elementor-placeholder-150x150.png\"},{\"@type\":\"BreadcrumbList\",\"@id\":\"https:\/\/initinere.fr\/?page_id=11571#breadcrumb\",\"itemListElement\":[{\"@type\":\"ListItem\",\"position\":1,\"name\":\"Accueil\",\"item\":\"https:\/\/initinere.fr\/\"},{\"@type\":\"ListItem\",\"position\":2,\"name\":\"Pairs-confianceurs\"}]},{\"@type\":\"WebSite\",\"@id\":\"https:\/\/initinere.fr\/#website\",\"url\":\"https:\/\/initinere.fr\/\",\"name\":\"IN ITINERE\",\"description\":\"Rendre compte par la confiance\",\"publisher\":{\"@id\":\"https:\/\/initinere.fr\/#organization\"},\"potentialAction\":[{\"@type\":\"SearchAction\",\"target\":{\"@type\":\"EntryPoint\",\"urlTemplate\":\"https:\/\/initinere.fr\/?s={search_term_string}\"},\"query-input\":{\"@type\":\"PropertyValueSpecification\",\"valueRequired\":true,\"valueName\":\"search_term_string\"}}],\"inLanguage\":\"fr-FR\"},{\"@type\":\"Organization\",\"@id\":\"https:\/\/initinere.fr\/#organization\",\"name\":\"IN ITINERE\",\"url\":\"https:\/\/initinere.fr\/\",\"logo\":{\"@type\":\"ImageObject\",\"inLanguage\":\"fr-FR\",\"@id\":\"https:\/\/initinere.fr\/#\/schema\/logo\/image\/\",\"url\":\"https:\/\/initinere.fr\/wp-content\/uploads\/2022\/12\/cropped-initinere.png\",\"contentUrl\":\"https:\/\/initinere.fr\/wp-content\/uploads\/2022\/12\/cropped-initinere.png\",\"width\":212,\"height\":126,\"caption\":\"IN ITINERE\"},\"image\":{\"@id\":\"https:\/\/initinere.fr\/#\/schema\/logo\/image\/\"},\"sameAs\":[\"https:\/\/www.linkedin.com\/in\/isabelle-lescanne-sauguet-a206a959\/?originalSubdomain=fr\",\"https:\/\/www.linkedin.com\/search\/results\/all\/?heroEntityKey=urnlifsd_profileACoAAAQvgXMBGrSZmq_iGv1jGJlp0oEMyRjqThQ&amp;amp;ampampkeywords=pascalelevet&amp;amp;ampamporigin=RICH_QUERY_SUGGESTION&amp;amp;ampampposition=0&amp;amp;ampampsearchId=b147fc7e-352c-4d74-80bc-4c446192c866&amp;amp;ampampsid=Ro\",\"https:\/\/www.linkedin.com\/search\/results\/all\/?heroEntityKey=urnlifsd_profileACoAAAS9hpEBb6-XOzdZGVcXfasKs6qO5gKF9Tw&amp;amp;ampampkeywords=aurlieghemourikrief&amp;amp;ampamporigin=RICH_QUERY_SUGGESTION&amp;amp;ampampposition=0&amp;amp;ampampsearchId=f2293d4f-84e9-4f00-bea9-83d638904776&amp;amp;ampampsid=vQK\"]}]}<\/script>\n<!-- \/ Yoast SEO plugin. -->","yoast_head_json":{"title":"Pairs-confianceurs - IN ITINERE","robots":{"index":"index","follow":"follow","max-snippet":"max-snippet:-1","max-image-preview":"max-image-preview:large","max-video-preview":"max-video-preview:-1"},"canonical":"https:\/\/initinere.fr\/?page_id=11571","og_locale":"fr_FR","og_type":"article","og_title":"Pairs-confianceurs - IN ITINERE","og_description":"A travers son programme de v\u00e9rification IN ITINERE d\u00e9ploie concr\u00e8tement l\u2019id\u00e9e de \u00ab faire soci\u00e9t\u00e9 \u00bb. C\u2019est dans cette philosophie qu\u2019IN ITINERE a con\u00e7u une nouvelle forme de collaboration syst\u00e9mique et a initi\u00e9 une communaut\u00e9 de pairs confianceurs qui participent aux missions de v\u00e9rifications, sous la responsabilit\u00e9 de IN ITINERE. Qui sont les confianceurs ? [&hellip;]","og_url":"https:\/\/initinere.fr\/?page_id=11571","og_site_name":"IN ITINERE","article_modified_time":"2025-07-31T10:04:31+00:00","og_image":[{"url":"http:\/\/initinere.fr\/wp-content\/uploads\/2022\/08\/qi-addons-for-elementor-placeholder-150x150.png","type":"","width":"","height":""}],"twitter_card":"summary_large_image","twitter_misc":{"Dur\u00e9e de lecture estim\u00e9e":"2 minutes"},"schema":{"@context":"https:\/\/schema.org","@graph":[{"@type":"WebPage","@id":"https:\/\/initinere.fr\/?page_id=11571","url":"https:\/\/initinere.fr\/?page_id=11571","name":"Pairs-confianceurs - IN ITINERE","isPartOf":{"@id":"https:\/\/initinere.fr\/#website"},"primaryImageOfPage":{"@id":"https:\/\/initinere.fr\/?page_id=11571#primaryimage"},"image":{"@id":"https:\/\/initinere.fr\/?page_id=11571#primaryimage"},"thumbnailUrl":"http:\/\/initinere.fr\/wp-content\/uploads\/2022\/08\/qi-addons-for-elementor-placeholder-150x150.png","datePublished":"2025-03-28T09:49:30+00:00","dateModified":"2025-07-31T10:04:31+00:00","breadcrumb":{"@id":"https:\/\/initinere.fr\/?page_id=11571#breadcrumb"},"inLanguage":"fr-FR","potentialAction":[{"@type":"ReadAction","target":["https:\/\/initinere.fr\/?page_id=11571"]}]},{"@type":"ImageObject","inLanguage":"fr-FR","@id":"https:\/\/initinere.fr\/?page_id=11571#primaryimage","url":"http:\/\/initinere.fr\/wp-content\/uploads\/2022\/08\/qi-addons-for-elementor-placeholder-150x150.png","contentUrl":"http:\/\/initinere.fr\/wp-content\/uploads\/2022\/08\/qi-addons-for-elementor-placeholder-150x150.png"},{"@type":"BreadcrumbList","@id":"https:\/\/initinere.fr\/?page_id=11571#breadcrumb","itemListElement":[{"@type":"ListItem","position":1,"name":"Accueil","item":"https:\/\/initinere.fr\/"},{"@type":"ListItem","position":2,"name":"Pairs-confianceurs"}]},{"@type":"WebSite","@id":"https:\/\/initinere.fr\/#website","url":"https:\/\/initinere.fr\/","name":"IN ITINERE","description":"Rendre compte par la confiance","publisher":{"@id":"https:\/\/initinere.fr\/#organization"},"potentialAction":[{"@type":"SearchAction","target":{"@type":"EntryPoint","urlTemplate":"https:\/\/initinere.fr\/?s={search_term_string}"},"query-input":{"@type":"PropertyValueSpecification","valueRequired":true,"valueName":"search_term_string"}}],"inLanguage":"fr-FR"},{"@type":"Organization","@id":"https:\/\/initinere.fr\/#organization","name":"IN ITINERE","url":"https:\/\/initinere.fr\/","logo":{"@type":"ImageObject","inLanguage":"fr-FR","@id":"https:\/\/initinere.fr\/#\/schema\/logo\/image\/","url":"https:\/\/initinere.fr\/wp-content\/uploads\/2022\/12\/cropped-initinere.png","contentUrl":"https:\/\/initinere.fr\/wp-content\/uploads\/2022\/12\/cropped-initinere.png","width":212,"height":126,"caption":"IN ITINERE"},"image":{"@id":"https:\/\/initinere.fr\/#\/schema\/logo\/image\/"},"sameAs":["https:\/\/www.linkedin.com\/in\/isabelle-lescanne-sauguet-a206a959\/?originalSubdomain=fr","https:\/\/www.linkedin.com\/search\/results\/all\/?heroEntityKey=urnlifsd_profileACoAAAQvgXMBGrSZmq_iGv1jGJlp0oEMyRjqThQ&amp;amp;ampampkeywords=pascalelevet&amp;amp;ampamporigin=RICH_QUERY_SUGGESTION&amp;amp;ampampposition=0&amp;amp;ampampsearchId=b147fc7e-352c-4d74-80bc-4c446192c866&amp;amp;ampampsid=Ro","https:\/\/www.linkedin.com\/search\/results\/all\/?heroEntityKey=urnlifsd_profileACoAAAS9hpEBb6-XOzdZGVcXfasKs6qO5gKF9Tw&amp;amp;ampampkeywords=aurlieghemourikrief&amp;amp;ampamporigin=RICH_QUERY_SUGGESTION&amp;amp;ampampposition=0&amp;amp;ampampsearchId=f2293d4f-84e9-4f00-bea9-83d638904776&amp;amp;ampampsid=vQK"]}]}},"_links":{"self":[{"href":"https:\/\/initinere.fr\/index.php?rest_route=\/wp\/v2\/pages\/11571","targetHints":{"allow":["GET"]}}],"collection":[{"href":"https:\/\/initinere.fr\/index.php?rest_route=\/wp\/v2\/pages"}],"about":[{"href":"https:\/\/initinere.fr\/index.php?rest_route=\/wp\/v2\/types\/page"}],"author":[{"embeddable":true,"href":"https:\/\/initinere.fr\/index.php?rest_route=\/wp\/v2\/users\/1"}],"replies":[{"embeddable":true,"href":"https:\/\/initinere.fr\/index.php?rest_route=%2Fwp%2Fv2%2Fcomments&post=11571"}],"version-history":[{"count":50,"href":"https:\/\/initinere.fr\/index.php?rest_route=\/wp\/v2\/pages\/11571\/revisions"}],"predecessor-version":[{"id":12468,"href":"https:\/\/initinere.fr\/index.php?rest_route=\/wp\/v2\/pages\/11571\/revisions\/12468"}],"wp:attachment":[{"href":"https:\/\/initinere.fr\/index.php?rest_route=%2Fwp%2Fv2%2Fmedia&parent=11571"}],"curies":[{"name":"wp","href":"https:\/\/api.w.org\/{rel}","templated":true}]}}