{"id":11315,"date":"2023-05-03T09:29:48","date_gmt":"2023-05-03T07:29:48","guid":{"rendered":"https:\/\/initinere.fr\/?page_id=11315"},"modified":"2024-05-13T10:11:01","modified_gmt":"2024-05-13T08:11:01","slug":"notre-programme-de-verification-verification-en-confiance","status":"publish","type":"page","link":"https:\/\/initinere.fr\/?page_id=11315","title":{"rendered":"V\u00e9rification en confiance"},"content":{"rendered":"\n<p>Notre\u00a0programme de v\u00e9rification \u00ab\u00a0v\u00e9rification en confiance\u00a0\u00bb (VC2.2024) permet de mesurer et d\u2019\u00e9valuer <strong>l\u2019ex\u00e9cution de vos objectifs sociaux et environnementaux dans une trajectoire de progr\u00e8s et de contribution \u00e0 la Soci\u00e9t\u00e9 s\u2019inscrivant dans le temps long, et permettant une comparabilit\u00e9 entre les soci\u00e9t\u00e9s.<\/strong><\/p>\n\n\n\n<p><strong><em>La version compl\u00e8te de notre programme de v\u00e9rification \u00ab&nbsp;v\u00e9rification en confiance&nbsp;\u00bb est disponible sur demande.<\/em><\/strong><\/p>\n\n\n\n<p>&nbsp;Notre programme \u00ab&nbsp;v\u00e9rification en confiance&nbsp;\u00bb permet de <strong>rendre compte, sur la base de donn\u00e9es objectives (production de preuves), de l\u2019ad\u00e9quation entre les ambitions et les <\/strong><strong> <\/strong><strong>objectifs sociaux et environnementaux <\/strong><strong>de l\u2019entreprise avec la r\u00e9alit\u00e9 op\u00e9rationnelle et la complexit\u00e9 des mod\u00e8les d\u2019affaires.<\/strong><\/p>\n\n\n\n<p>Nos processus de v\u00e9rification produisent des informations et des preuves qui nous permettent d\u2019\u00e9mettre <strong>des avis de confiance sur l\u2019ex\u00e9cution de la mission <\/strong><strong>et <\/strong><strong>l\u2019atteinte des objectifs <\/strong><strong>statutaires<\/strong><strong>,<\/strong> ainsi que d\u2019exprimer <strong>un degr\u00e9 d\u2019assurance<\/strong> <strong>sur la <em>solvabilit\u00e9 de<\/em><\/strong><strong><em> la mission<\/em><\/strong><strong> <\/strong>dont les soci\u00e9t\u00e9s se sont dot\u00e9es, c\u2019est-\u00e0-dire <strong>d\u2019\u00e9valuer la confiance que l\u2019on peut accorder \u00e0 l\u2019entreprise<\/strong> dans sa capacit\u00e9 \u00e0 faire vivre sa mission dans la complexit\u00e9 de l\u2019activit\u00e9 r\u00e9elle de l\u2019entreprise, et d\u2019en assurer sa p\u00e9rennit\u00e9 \u00e0 moyen et long terme.<\/p>\n\n\n\n<p>Notre programme se d\u00e9roule en cinq phases :<\/p>\n\n\n\n<ol class=\"wp-block-list\" style=\"list-style-type:1\">\n<li>une phase d\u2019exploration (du pr\u00e9-engagement \u00e0 la planification de la mission de v\u00e9rification)<\/li>\n\n\n\n<li>une phase d\u2019explicitation (ex\u00e9cution de la mission de v\u00e9rification)<\/li>\n\n\n\n<li>une phase de revue de la mission de v\u00e9rification<\/li>\n\n\n\n<li>une phase de production de l\u2019avis (que nous enrichissons par l\u2019indice de solvabilit\u00e9 de votre mission),<\/li>\n\n\n\n<li>une phase de d\u00e9livrance de l\u2019avis<\/li>\n<\/ol>\n\n\n\n<p>En cas de d\u00e9couverte de faits intervenus apr\u00e8s la remise de l\u2019avis de v\u00e9rification, une phase de r\u00e9vision peut avoir lieu.<\/p>\n\n\n\n<p>Le dispositif de d\u00e9ploiement de notre programme \u00ab&nbsp; v\u00e9rification en confiance&nbsp;\u00bb fait appel \u00e0 des intervenants qualifi\u00e9s (form\u00e9s et certifi\u00e9s) que nous d\u00e9nommons <em>confianceurs<\/em>.<\/p>\n\n\n\n<p><\/p>\n\n\n\n<p>En amont de la mission, avant la contractualisation, nous vous pr\u00e9senterons et vous proposerons de choisir entre nos deux processus de  v\u00e9rification&nbsp;: le processus \u00ab&nbsp;engagements en confiance&nbsp;\u00bb et le processus \u00ab&nbsp;faits signifiants&nbsp;\u00bb (disponible lors de nos \u00e9changes pr\u00e9-engagement ou sur demande).<\/p>\n\n\n\n<p><\/p>\n\n\n\n<p>Notre grille tarifaire est disponible sur demande.<\/p>\n","protected":false},"excerpt":{"rendered":"<p>Notre\u00a0programme de v\u00e9rification \u00ab\u00a0v\u00e9rification en confiance\u00a0\u00bb (VC2.2024) permet de mesurer et d\u2019\u00e9valuer l\u2019ex\u00e9cution de vos objectifs sociaux et environnementaux dans une trajectoire de progr\u00e8s et de contribution \u00e0 la Soci\u00e9t\u00e9 s\u2019inscrivant dans le temps long, et permettant une comparabilit\u00e9 entre les soci\u00e9t\u00e9s. La version compl\u00e8te de notre programme de v\u00e9rification \u00ab&nbsp;v\u00e9rification en confiance&nbsp;\u00bb est disponible [&hellip;]<\/p>\n","protected":false},"author":1,"featured_media":0,"parent":0,"menu_order":0,"comment_status":"closed","ping_status":"closed","template":"","meta":{"om_disable_all_campaigns":false,"_monsterinsights_skip_tracking":false,"_monsterinsights_sitenote_active":false,"_monsterinsights_sitenote_note":"","_monsterinsights_sitenote_category":0,"footnotes":""},"class_list":["post-11315","page","type-page","status-publish","hentry"],"aioseo_notices":[],"yoast_head":"<!-- This site is optimized with the Yoast SEO plugin v25.7 - https:\/\/yoast.com\/wordpress\/plugins\/seo\/ -->\n<title>V\u00e9rification en confiance - IN ITINERE<\/title>\n<meta name=\"robots\" content=\"index, follow, max-snippet:-1, max-image-preview:large, max-video-preview:-1\" \/>\n<link rel=\"canonical\" href=\"https:\/\/initinere.fr\/?page_id=11315\" \/>\n<meta property=\"og:locale\" content=\"fr_FR\" \/>\n<meta property=\"og:type\" content=\"article\" \/>\n<meta property=\"og:title\" content=\"V\u00e9rification en confiance - IN ITINERE\" \/>\n<meta property=\"og:description\" content=\"Notre\u00a0programme de v\u00e9rification \u00ab\u00a0v\u00e9rification en confiance\u00a0\u00bb (VC2.2024) permet de mesurer et d\u2019\u00e9valuer l\u2019ex\u00e9cution de vos objectifs sociaux et environnementaux dans une trajectoire de progr\u00e8s et de contribution \u00e0 la Soci\u00e9t\u00e9 s\u2019inscrivant dans le temps long, et permettant une comparabilit\u00e9 entre les soci\u00e9t\u00e9s. La version compl\u00e8te de notre programme de v\u00e9rification \u00ab&nbsp;v\u00e9rification en confiance&nbsp;\u00bb est disponible [&hellip;]\" \/>\n<meta property=\"og:url\" content=\"https:\/\/initinere.fr\/?page_id=11315\" \/>\n<meta property=\"og:site_name\" content=\"IN ITINERE\" \/>\n<meta property=\"article:modified_time\" content=\"2024-05-13T08:11:01+00:00\" \/>\n<meta name=\"twitter:card\" content=\"summary_large_image\" \/>\n<meta name=\"twitter:label1\" content=\"Dur\u00e9e de lecture estim\u00e9e\" \/>\n\t<meta name=\"twitter:data1\" content=\"2 minutes\" \/>\n<script type=\"application\/ld+json\" class=\"yoast-schema-graph\">{\"@context\":\"https:\/\/schema.org\",\"@graph\":[{\"@type\":\"WebPage\",\"@id\":\"https:\/\/initinere.fr\/?page_id=11315\",\"url\":\"https:\/\/initinere.fr\/?page_id=11315\",\"name\":\"V\u00e9rification en confiance - IN ITINERE\",\"isPartOf\":{\"@id\":\"http:\/\/initinere.fr\/#website\"},\"datePublished\":\"2023-05-03T07:29:48+00:00\",\"dateModified\":\"2024-05-13T08:11:01+00:00\",\"breadcrumb\":{\"@id\":\"https:\/\/initinere.fr\/?page_id=11315#breadcrumb\"},\"inLanguage\":\"fr-FR\",\"potentialAction\":[{\"@type\":\"ReadAction\",\"target\":[\"https:\/\/initinere.fr\/?page_id=11315\"]}]},{\"@type\":\"BreadcrumbList\",\"@id\":\"https:\/\/initinere.fr\/?page_id=11315#breadcrumb\",\"itemListElement\":[{\"@type\":\"ListItem\",\"position\":1,\"name\":\"Accueil\",\"item\":\"http:\/\/initinere.fr\/\"},{\"@type\":\"ListItem\",\"position\":2,\"name\":\"V\u00e9rification en confiance\"}]},{\"@type\":\"WebSite\",\"@id\":\"http:\/\/initinere.fr\/#website\",\"url\":\"http:\/\/initinere.fr\/\",\"name\":\"IN ITINERE\",\"description\":\"Rendre compte par la confiance\",\"publisher\":{\"@id\":\"http:\/\/initinere.fr\/#organization\"},\"potentialAction\":[{\"@type\":\"SearchAction\",\"target\":{\"@type\":\"EntryPoint\",\"urlTemplate\":\"http:\/\/initinere.fr\/?s={search_term_string}\"},\"query-input\":{\"@type\":\"PropertyValueSpecification\",\"valueRequired\":true,\"valueName\":\"search_term_string\"}}],\"inLanguage\":\"fr-FR\"},{\"@type\":\"Organization\",\"@id\":\"http:\/\/initinere.fr\/#organization\",\"name\":\"IN ITINERE\",\"url\":\"http:\/\/initinere.fr\/\",\"logo\":{\"@type\":\"ImageObject\",\"inLanguage\":\"fr-FR\",\"@id\":\"http:\/\/initinere.fr\/#\/schema\/logo\/image\/\",\"url\":\"https:\/\/initinere.fr\/wp-content\/uploads\/2022\/12\/cropped-initinere.png\",\"contentUrl\":\"https:\/\/initinere.fr\/wp-content\/uploads\/2022\/12\/cropped-initinere.png\",\"width\":212,\"height\":126,\"caption\":\"IN ITINERE\"},\"image\":{\"@id\":\"http:\/\/initinere.fr\/#\/schema\/logo\/image\/\"},\"sameAs\":[\"https:\/\/www.linkedin.com\/in\/isabelle-lescanne-sauguet-a206a959\/?originalSubdomain=fr\",\"https:\/\/www.linkedin.com\/search\/results\/all\/?heroEntityKey=urnlifsd_profileACoAAAQvgXMBGrSZmq_iGv1jGJlp0oEMyRjqThQ&amp;amp;ampampkeywords=pascalelevet&amp;amp;ampamporigin=RICH_QUERY_SUGGESTION&amp;amp;ampampposition=0&amp;amp;ampampsearchId=b147fc7e-352c-4d74-80bc-4c446192c866&amp;amp;ampampsid=Ro\",\"https:\/\/www.linkedin.com\/search\/results\/all\/?heroEntityKey=urnlifsd_profileACoAAAS9hpEBb6-XOzdZGVcXfasKs6qO5gKF9Tw&amp;amp;ampampkeywords=aurlieghemourikrief&amp;amp;ampamporigin=RICH_QUERY_SUGGESTION&amp;amp;ampampposition=0&amp;amp;ampampsearchId=f2293d4f-84e9-4f00-bea9-83d638904776&amp;amp;ampampsid=vQK\"]}]}<\/script>\n<!-- \/ Yoast SEO plugin. -->","yoast_head_json":{"title":"V\u00e9rification en confiance - IN ITINERE","robots":{"index":"index","follow":"follow","max-snippet":"max-snippet:-1","max-image-preview":"max-image-preview:large","max-video-preview":"max-video-preview:-1"},"canonical":"https:\/\/initinere.fr\/?page_id=11315","og_locale":"fr_FR","og_type":"article","og_title":"V\u00e9rification en confiance - IN ITINERE","og_description":"Notre\u00a0programme de v\u00e9rification \u00ab\u00a0v\u00e9rification en confiance\u00a0\u00bb (VC2.2024) permet de mesurer et d\u2019\u00e9valuer l\u2019ex\u00e9cution de vos objectifs sociaux et environnementaux dans une trajectoire de progr\u00e8s et de contribution \u00e0 la Soci\u00e9t\u00e9 s\u2019inscrivant dans le temps long, et permettant une comparabilit\u00e9 entre les soci\u00e9t\u00e9s. La version compl\u00e8te de notre programme de v\u00e9rification \u00ab&nbsp;v\u00e9rification en confiance&nbsp;\u00bb est disponible [&hellip;]","og_url":"https:\/\/initinere.fr\/?page_id=11315","og_site_name":"IN ITINERE","article_modified_time":"2024-05-13T08:11:01+00:00","twitter_card":"summary_large_image","twitter_misc":{"Dur\u00e9e de lecture estim\u00e9e":"2 minutes"},"schema":{"@context":"https:\/\/schema.org","@graph":[{"@type":"WebPage","@id":"https:\/\/initinere.fr\/?page_id=11315","url":"https:\/\/initinere.fr\/?page_id=11315","name":"V\u00e9rification en confiance - IN ITINERE","isPartOf":{"@id":"http:\/\/initinere.fr\/#website"},"datePublished":"2023-05-03T07:29:48+00:00","dateModified":"2024-05-13T08:11:01+00:00","breadcrumb":{"@id":"https:\/\/initinere.fr\/?page_id=11315#breadcrumb"},"inLanguage":"fr-FR","potentialAction":[{"@type":"ReadAction","target":["https:\/\/initinere.fr\/?page_id=11315"]}]},{"@type":"BreadcrumbList","@id":"https:\/\/initinere.fr\/?page_id=11315#breadcrumb","itemListElement":[{"@type":"ListItem","position":1,"name":"Accueil","item":"http:\/\/initinere.fr\/"},{"@type":"ListItem","position":2,"name":"V\u00e9rification en confiance"}]},{"@type":"WebSite","@id":"http:\/\/initinere.fr\/#website","url":"http:\/\/initinere.fr\/","name":"IN ITINERE","description":"Rendre compte par la confiance","publisher":{"@id":"http:\/\/initinere.fr\/#organization"},"potentialAction":[{"@type":"SearchAction","target":{"@type":"EntryPoint","urlTemplate":"http:\/\/initinere.fr\/?s={search_term_string}"},"query-input":{"@type":"PropertyValueSpecification","valueRequired":true,"valueName":"search_term_string"}}],"inLanguage":"fr-FR"},{"@type":"Organization","@id":"http:\/\/initinere.fr\/#organization","name":"IN ITINERE","url":"http:\/\/initinere.fr\/","logo":{"@type":"ImageObject","inLanguage":"fr-FR","@id":"http:\/\/initinere.fr\/#\/schema\/logo\/image\/","url":"https:\/\/initinere.fr\/wp-content\/uploads\/2022\/12\/cropped-initinere.png","contentUrl":"https:\/\/initinere.fr\/wp-content\/uploads\/2022\/12\/cropped-initinere.png","width":212,"height":126,"caption":"IN ITINERE"},"image":{"@id":"http:\/\/initinere.fr\/#\/schema\/logo\/image\/"},"sameAs":["https:\/\/www.linkedin.com\/in\/isabelle-lescanne-sauguet-a206a959\/?originalSubdomain=fr","https:\/\/www.linkedin.com\/search\/results\/all\/?heroEntityKey=urnlifsd_profileACoAAAQvgXMBGrSZmq_iGv1jGJlp0oEMyRjqThQ&amp;amp;ampampkeywords=pascalelevet&amp;amp;ampamporigin=RICH_QUERY_SUGGESTION&amp;amp;ampampposition=0&amp;amp;ampampsearchId=b147fc7e-352c-4d74-80bc-4c446192c866&amp;amp;ampampsid=Ro","https:\/\/www.linkedin.com\/search\/results\/all\/?heroEntityKey=urnlifsd_profileACoAAAS9hpEBb6-XOzdZGVcXfasKs6qO5gKF9Tw&amp;amp;ampampkeywords=aurlieghemourikrief&amp;amp;ampamporigin=RICH_QUERY_SUGGESTION&amp;amp;ampampposition=0&amp;amp;ampampsearchId=f2293d4f-84e9-4f00-bea9-83d638904776&amp;amp;ampampsid=vQK"]}]}},"_links":{"self":[{"href":"https:\/\/initinere.fr\/index.php?rest_route=\/wp\/v2\/pages\/11315","targetHints":{"allow":["GET"]}}],"collection":[{"href":"https:\/\/initinere.fr\/index.php?rest_route=\/wp\/v2\/pages"}],"about":[{"href":"https:\/\/initinere.fr\/index.php?rest_route=\/wp\/v2\/types\/page"}],"author":[{"embeddable":true,"href":"https:\/\/initinere.fr\/index.php?rest_route=\/wp\/v2\/users\/1"}],"replies":[{"embeddable":true,"href":"https:\/\/initinere.fr\/index.php?rest_route=%2Fwp%2Fv2%2Fcomments&post=11315"}],"version-history":[{"count":8,"href":"https:\/\/initinere.fr\/index.php?rest_route=\/wp\/v2\/pages\/11315\/revisions"}],"predecessor-version":[{"id":11425,"href":"https:\/\/initinere.fr\/index.php?rest_route=\/wp\/v2\/pages\/11315\/revisions\/11425"}],"wp:attachment":[{"href":"https:\/\/initinere.fr\/index.php?rest_route=%2Fwp%2Fv2%2Fmedia&parent=11315"}],"curies":[{"name":"wp","href":"https:\/\/api.w.org\/{rel}","templated":true}]}}