{"id":1583,"date":"2021-10-07T18:42:42","date_gmt":"2021-10-07T16:42:42","guid":{"rendered":"https:\/\/halstein.qodeinteractive.com\/?page_id=1583"},"modified":"2025-06-21T09:13:13","modified_gmt":"2025-06-21T07:13:13","slug":"our-team","status":"publish","type":"page","link":"http:\/\/initinere.fr\/?page_id=1583","title":{"rendered":"Equipe"},"content":{"rendered":"\t\t<div data-elementor-type=\"wp-page\" data-elementor-id=\"1583\" class=\"elementor elementor-1583\">\n\t\t\t\t\t\t<section class=\"elementor-section elementor-top-section elementor-element elementor-element-890da28 elementor-section-boxed elementor-section-height-default elementor-section-height-default qodef-elementor-content-no\" data-id=\"890da28\" data-element_type=\"section\">\n\t\t\t\t\t\t<div class=\"elementor-container elementor-column-gap-default\">\n\t\t\t\t\t<div class=\"elementor-column elementor-col-100 elementor-top-column elementor-element elementor-element-00e5358\" data-id=\"00e5358\" data-element_type=\"column\">\n\t\t\t<div class=\"elementor-widget-wrap elementor-element-populated\">\n\t\t\t\t\t\t<div class=\"elementor-element elementor-element-a76650d elementor-widget__width-initial elementor-widget elementor-widget-halstein_core_section_title\" data-id=\"a76650d\" data-element_type=\"widget\" data-widget_type=\"halstein_core_section_title.default\">\n\t\t\t\t<div class=\"elementor-widget-container\">\n\t\t\t\t\t<div class=\"qodef-shortcode qodef-m  qodef-section-title qodef-alignment--left  \">\n\t\t\t<h2 class=\"qodef-m-title\" >\n\t\t\t\t\tDeux expertes, une vision commune\t\t\t<\/h2>\n\t\t\t<\/div>\n\t\t\t\t<\/div>\n\t\t\t\t<\/div>\n\t\t\t\t\t<\/div>\n\t\t<\/div>\n\t\t\t\t\t<\/div>\n\t\t<\/section>\n\t\t\t\t<section class=\"elementor-section elementor-top-section elementor-element elementor-element-c053cfa elementor-section-boxed elementor-section-height-default elementor-section-height-default qodef-elementor-content-no\" data-id=\"c053cfa\" data-element_type=\"section\">\n\t\t\t\t\t\t<div class=\"elementor-container elementor-column-gap-default\">\n\t\t\t\t\t<div class=\"elementor-column elementor-col-50 elementor-top-column elementor-element elementor-element-9219e7c\" data-id=\"9219e7c\" data-element_type=\"column\">\n\t\t\t<div class=\"elementor-widget-wrap elementor-element-populated\">\n\t\t\t\t\t\t<div class=\"elementor-element elementor-element-396f1b2 elementor-widget elementor-widget-qi_addons_for_elementor_banner\" data-id=\"396f1b2\" data-element_type=\"widget\" data-widget_type=\"qi_addons_for_elementor_banner.default\">\n\t\t\t\t<div class=\"elementor-widget-container\">\n\t\t\t\t\t<div class=\"qodef-shortcode qodef-m qodef-qi-banner qodef-layout--standard qodef-vertical--bottom qodef-horizontal--left qodef-image--hover-zoom\">\n\t<div class=\"qodef-m-image\">\n\t<img fetchpriority=\"high\" decoding=\"async\" width=\"1200\" height=\"800\" src=\"http:\/\/initinere.fr\/wp-content\/uploads\/2022\/08\/qi-addons-for-elementor-placeholder.png\" class=\"attachment-full size-full\" alt=\"\" srcset=\"http:\/\/initinere.fr\/wp-content\/uploads\/2022\/08\/qi-addons-for-elementor-placeholder.png 1200w, http:\/\/initinere.fr\/wp-content\/uploads\/2022\/08\/qi-addons-for-elementor-placeholder-600x400.png 600w, http:\/\/initinere.fr\/wp-content\/uploads\/2022\/08\/qi-addons-for-elementor-placeholder-300x200.png 300w, http:\/\/initinere.fr\/wp-content\/uploads\/2022\/08\/qi-addons-for-elementor-placeholder-1024x683.png 1024w, http:\/\/initinere.fr\/wp-content\/uploads\/2022\/08\/qi-addons-for-elementor-placeholder-768x512.png 768w\" sizes=\"(max-width: 1200px) 100vw, 1200px\" \/><\/div>\n\t<div class=\"qodef-m-content\">\n\t\t<div class=\"qodef-m-content-inner\">\n\t\t\t\t<h5 class=\"qodef-m-subtitle\">\n\t\tL&#039;exp\u00e9rience entrepreneuriale au service du bien commun\t<\/h5>\n\t\t\t\t<h3 class=\"qodef-m-title\">\n\t\tIsabelle Lescanne Sauguet\t<\/h3>\n\t\t\t\t<p class=\"qodef-m-text\">\n\t\tUne expertise entrepreneuriale \u00e9prouv\u00e9e, \nau service de mod\u00e8les \u00e9conomiques durables et r\u00e9silients. \t<\/p>\n\t\t\t\t\t<\/div>\n\t<\/div>\n\t<\/div>\n\t\t\t\t<\/div>\n\t\t\t\t<\/div>\n\t\t\t\t\t<\/div>\n\t\t<\/div>\n\t\t\t\t<div class=\"elementor-column elementor-col-50 elementor-top-column elementor-element elementor-element-534b3db\" data-id=\"534b3db\" data-element_type=\"column\">\n\t\t\t<div class=\"elementor-widget-wrap elementor-element-populated\">\n\t\t\t\t\t\t<div class=\"elementor-element elementor-element-c2d68dc elementor-widget elementor-widget-qi_addons_for_elementor_banner\" data-id=\"c2d68dc\" data-element_type=\"widget\" data-widget_type=\"qi_addons_for_elementor_banner.default\">\n\t\t\t\t<div class=\"elementor-widget-container\">\n\t\t\t\t\t<div class=\"qodef-shortcode qodef-m qodef-qi-banner qodef-layout--standard qodef-vertical--bottom qodef-horizontal--left qodef-image--hover-zoom\">\n\t<div class=\"qodef-m-image\">\n\t<img fetchpriority=\"high\" decoding=\"async\" width=\"1200\" height=\"800\" src=\"http:\/\/initinere.fr\/wp-content\/uploads\/2022\/08\/qi-addons-for-elementor-placeholder.png\" class=\"attachment-full size-full\" alt=\"\" srcset=\"http:\/\/initinere.fr\/wp-content\/uploads\/2022\/08\/qi-addons-for-elementor-placeholder.png 1200w, http:\/\/initinere.fr\/wp-content\/uploads\/2022\/08\/qi-addons-for-elementor-placeholder-600x400.png 600w, http:\/\/initinere.fr\/wp-content\/uploads\/2022\/08\/qi-addons-for-elementor-placeholder-300x200.png 300w, http:\/\/initinere.fr\/wp-content\/uploads\/2022\/08\/qi-addons-for-elementor-placeholder-1024x683.png 1024w, http:\/\/initinere.fr\/wp-content\/uploads\/2022\/08\/qi-addons-for-elementor-placeholder-768x512.png 768w\" sizes=\"(max-width: 1200px) 100vw, 1200px\" \/><\/div>\n\t<div class=\"qodef-m-content\">\n\t\t<div class=\"qodef-m-content-inner\">\n\t\t\t\t<h5 class=\"qodef-m-subtitle\">\n\t\tL&#039;expertise scientifique et la structuration m\u00e9thodologique\t<\/h5>\n\t\t\t\t<h3 class=\"qodef-m-title\">\n\t\tPascale Levet\t<\/h3>\n\t\t\t\t<p class=\"qodef-m-text\">\n\t\tUne r\u00e9f\u00e9rence en m\u00e9thodologie scientifique, garantissant des \u00e9valuations rigoureuses et un ancrage solide dans la recherche acad\u00e9mique.\t<\/p>\n\t\t\t\t\t<\/div>\n\t<\/div>\n\t<\/div>\n\t\t\t\t<\/div>\n\t\t\t\t<\/div>\n\t\t\t\t\t<\/div>\n\t\t<\/div>\n\t\t\t\t\t<\/div>\n\t\t<\/section>\n\t\t\t\t<section class=\"elementor-section elementor-top-section elementor-element elementor-element-3fc6beb elementor-section-full_width qodef-elementor-content-grid elementor-section-height-default elementor-section-height-default\" data-id=\"3fc6beb\" data-element_type=\"section\">\n\t\t\t\t\t\t<div class=\"elementor-container elementor-column-gap-default\">\n\t\t\t\t\t<div class=\"elementor-column elementor-col-100 elementor-top-column elementor-element elementor-element-f3b784e\" data-id=\"f3b784e\" data-element_type=\"column\">\n\t\t\t<div class=\"elementor-widget-wrap elementor-element-populated\">\n\t\t\t\t\t\t<div class=\"elementor-element elementor-element-f8db0dc elementor-widget-divider--view-line elementor-widget elementor-widget-divider\" data-id=\"f8db0dc\" data-element_type=\"widget\" data-widget_type=\"divider.default\">\n\t\t\t\t<div class=\"elementor-widget-container\">\n\t\t\t\t\t\t\t<div class=\"elementor-divider\">\n\t\t\t<span class=\"elementor-divider-separator\">\n\t\t\t\t\t\t<\/span>\n\t\t<\/div>\n\t\t\t\t\t\t<\/div>\n\t\t\t\t<\/div>\n\t\t\t\t<div class=\"elementor-element elementor-element-f739d94 elementor-widget elementor-widget-halstein_core_team_list\" data-id=\"f739d94\" data-element_type=\"widget\" data-widget_type=\"halstein_core_team_list.default\">\n\t\t\t\t<div class=\"elementor-widget-container\">\n\t\t\t\t\t<div class=\"qodef-shortcode qodef-m  qodef-team-list qodef-item-layout--info-on-side  qodef-grid qodef-layout--columns  qodef-gutter--normal qodef-col-num--1   qodef-item-layout--info-on-side qodef--no-bottom-space qodef-pagination--off qodef-responsive--predefined\" data-options=\"{&quot;plugin&quot;:&quot;halstein_core&quot;,&quot;module&quot;:&quot;post-types\\\/team\\\/shortcodes&quot;,&quot;shortcode&quot;:&quot;team-list&quot;,&quot;post_type&quot;:&quot;team&quot;,&quot;next_page&quot;:&quot;2&quot;,&quot;max_pages_num&quot;:1,&quot;behavior&quot;:&quot;columns&quot;,&quot;images_proportion&quot;:&quot;full&quot;,&quot;columns&quot;:&quot;1&quot;,&quot;columns_responsive&quot;:&quot;predefined&quot;,&quot;space&quot;:&quot;normal&quot;,&quot;appear_animation&quot;:&quot;no&quot;,&quot;posts_per_page&quot;:&quot;3&quot;,&quot;orderby&quot;:&quot;date&quot;,&quot;order&quot;:&quot;DESC&quot;,&quot;layout&quot;:&quot;info-on-side&quot;,&quot;title_tag&quot;:&quot;h3&quot;,&quot;pagination_type&quot;:&quot;no-pagination&quot;,&quot;object_class_name&quot;:&quot;HalsteinCore_Team_List_Shortcode&quot;,&quot;taxonomy_filter&quot;:&quot;team-category&quot;,&quot;item_classes&quot;:&quot;qodef-e qodef-grid-item &quot;,&quot;space_value&quot;:15}\">\n\t\t<div class=\"qodef-grid-inner clear\">\n\t\t<div class=\"qodef-e qodef-grid-item  post-1537 team type-team status-publish has-post-thumbnail hentry team-category-ceo team-category-owner\">\n\t<div class=\"qodef-e-inner\">\n\t\t<div class=\"qodef-e-image\">\n\t\t\t\t<div class=\"qodef-e-media-image\">\n\t\t\t\t\t<img decoding=\"async\" width=\"1086\" height=\"1033\" src=\"http:\/\/initinere.fr\/wp-content\/uploads\/2021\/10\/isabellejpg.jpg\" class=\"attachment-full size-full wp-post-image\" alt=\"\" srcset=\"http:\/\/initinere.fr\/wp-content\/uploads\/2021\/10\/isabellejpg.jpg 1086w, http:\/\/initinere.fr\/wp-content\/uploads\/2021\/10\/isabellejpg-300x285.jpg 300w, http:\/\/initinere.fr\/wp-content\/uploads\/2021\/10\/isabellejpg-1024x974.jpg 1024w, http:\/\/initinere.fr\/wp-content\/uploads\/2021\/10\/isabellejpg-768x731.jpg 768w, http:\/\/initinere.fr\/wp-content\/uploads\/2021\/10\/isabellejpg-600x571.jpg 600w\" sizes=\"(max-width: 1086px) 100vw, 1086px\" \/>\t\t\t<\/div>\n\t\t<\/div>\n\t\t<div class=\"qodef-e-content\" >\n\t\t\t<h3 itemprop=\"name\" class=\"qodef-e-title entry-title\" >\n\t\t\tIsabelle Lescanne\t<\/h3>\n\t\t\t\t<p class=\"qodef-e-role\">Co-fondatrice et Associ\u00e9e<\/p>\n\t\t\t\t<p class=\"qodef-e-description\">Entrepreneuse engag\u00e9e, Isabelle a consacr\u00e9 sa carri\u00e8re \u00e0 la cr\u00e9ation et au d\u00e9veloppement d\u2019entreprises \u00e0 fort impact social. Pendant 25 ans, elle co-dirige Nutriset, acteur majeur de la lutte contre la malnutrition humanitaire, et transforme l\u2019entreprise en un mod\u00e8le de gouvernance responsable.\r\n\r\nEn 2012, elle structure la strat\u00e9gie d\u2019essaimage international du groupe \u00e0 travers un r\u00e9seau de franchises sociales et d\u2019\u00e9cosyst\u00e8mes \u00e9conomiques locaux autonomes. Elle joue un r\u00f4le cl\u00e9 dans l\u2019int\u00e9gration d\u2019un Objet Social \u00c9tendu dans les statuts de Nutriset, pr\u00e9figurant ainsi le concept d\u2019entreprise \u00e0 mission.\r\n\r\nAujourd\u2019hui, \u00e0 la t\u00eate d\u2019ODET, un fonds d\u00e9di\u00e9 aux PME et ETI engag\u00e9es, elle accompagne la structuration de mod\u00e8les \u00e9conomiques durables. Elle si\u00e8ge \u00e9galement dans plusieurs comit\u00e9s de mission pour garantir l\u2019alignement entre strat\u00e9gie et engagement soci\u00e9tal.\r\n<\/p>\n\t\t\t\t\t\t\t\t\t\t\t<\/div>\n\t<\/div>\n<\/div>\n<div class=\"qodef-e qodef-grid-item  post-1539 team type-team status-publish has-post-thumbnail hentry team-category-ceo\">\n\t<div class=\"qodef-e-inner\">\n\t\t<div class=\"qodef-e-image\">\n\t\t\t\t<div class=\"qodef-e-media-image\">\n\t\t\t\t\t<img decoding=\"async\" width=\"1086\" height=\"1033\" src=\"http:\/\/initinere.fr\/wp-content\/uploads\/2021\/10\/pascale.jpg\" class=\"attachment-full size-full wp-post-image\" alt=\"\" srcset=\"http:\/\/initinere.fr\/wp-content\/uploads\/2021\/10\/pascale.jpg 1086w, http:\/\/initinere.fr\/wp-content\/uploads\/2021\/10\/pascale-300x285.jpg 300w, http:\/\/initinere.fr\/wp-content\/uploads\/2021\/10\/pascale-1024x974.jpg 1024w, http:\/\/initinere.fr\/wp-content\/uploads\/2021\/10\/pascale-768x731.jpg 768w, http:\/\/initinere.fr\/wp-content\/uploads\/2021\/10\/pascale-600x571.jpg 600w\" sizes=\"(max-width: 1086px) 100vw, 1086px\" \/>\t\t\t<\/div>\n\t\t<\/div>\n\t\t<div class=\"qodef-e-content\" >\n\t\t\t<h3 itemprop=\"name\" class=\"qodef-e-title entry-title\" >\n\t\t\tPascale Levet\t<\/h3>\n\t\t\t\t<p class=\"qodef-e-role\">Direction scientifique<\/p>\n\t\t\t\t<p class=\"qodef-e-description\">Pascale construit sa carri\u00e8re \u00e0 l\u2019interface de la recherche, du conseil et de l\u2019enseignement, avec une expertise pointue en conditions de travail, RSE et innovation sociale. Apr\u00e8s 16 ans chez Adecco, elle rejoint le Minist\u00e8re du Travail en tant que Directrice Technique et Scientifique de l\u2019ANACT, o\u00f9 elle \u00e9largit le champ de l\u2019am\u00e9lioration des conditions de travail en y int\u00e9grant la RSE et l\u2019\u00e9galit\u00e9 professionnelle.\r\n\r\nDepuis 2015, elle est professeure associ\u00e9e \u00e0 l\u2019iaelyon et m\u00e8ne des travaux sur l\u2019organisation du travail et l\u2019impact soci\u00e9tal des entreprises. Elle est \u00e0 l\u2019initiative du Nouvel Institut, un acteur cl\u00e9 de l\u2019innovation ouverte entre entreprises, chercheurs et institutions.\r\n\r\nCo-initiatrice du collectif G.I.I.C., elle apporte une rigueur scientifique dans la structuration des entreprises \u00e0 mission et si\u00e8ge au conseil scientifique de la Communaut\u00e9 des Entreprises \u00e0 Mission (CEM).\r\n<\/p>\n\t\t\t\t\t\t\t\t\t\t\t<\/div>\n\t<\/div>\n<\/div>\n\t<\/div>\n\t<\/div>\n\t\t\t\t<\/div>\n\t\t\t\t<\/div>\n\t\t\t\t\t<\/div>\n\t\t<\/div>\n\t\t\t\t\t<\/div>\n\t\t<\/section>\n\t\t\t\t<section class=\"elementor-section elementor-top-section elementor-element elementor-element-939789c elementor-section-boxed elementor-section-height-default elementor-section-height-default qodef-elementor-content-no\" data-id=\"939789c\" data-element_type=\"section\">\n\t\t\t\t\t\t<div class=\"elementor-container elementor-column-gap-default\">\n\t\t\t\t\t<div class=\"elementor-column elementor-col-100 elementor-top-column elementor-element elementor-element-ff13bc5\" data-id=\"ff13bc5\" data-element_type=\"column\">\n\t\t\t<div class=\"elementor-widget-wrap elementor-element-populated\">\n\t\t\t\t\t\t<div class=\"elementor-element elementor-element-b64dc1b elementor-widget elementor-widget-spacer\" data-id=\"b64dc1b\" data-element_type=\"widget\" data-widget_type=\"spacer.default\">\n\t\t\t\t<div class=\"elementor-widget-container\">\n\t\t\t\t\t\t\t<div class=\"elementor-spacer\">\n\t\t\t<div class=\"elementor-spacer-inner\"><\/div>\n\t\t<\/div>\n\t\t\t\t\t\t<\/div>\n\t\t\t\t<\/div>\n\t\t\t\t\t<\/div>\n\t\t<\/div>\n\t\t\t\t\t<\/div>\n\t\t<\/section>\n\t\t\t\t<\/div>\n\t\t","protected":false},"excerpt":{"rendered":"<p>Deux expertes, une vision commune are harry winston replica watch ferrari king gold china can it bring breitling replica watches navitimer global clear back best aaa replica watches carrera 17 flawless for replica swatches stop in 12 hours noob factory patek philippe watches automatic santos red faved at replica rolex watches from dhgate legal spotting [&hellip;]<\/p>\n","protected":false},"author":1,"featured_media":0,"parent":0,"menu_order":0,"comment_status":"closed","ping_status":"closed","template":"page-full-width.php","meta":{"om_disable_all_campaigns":false,"_monsterinsights_skip_tracking":false,"_monsterinsights_sitenote_active":false,"_monsterinsights_sitenote_note":"","_monsterinsights_sitenote_category":0,"footnotes":""},"class_list":["post-1583","page","type-page","status-publish","hentry"],"aioseo_notices":[],"yoast_head":"<!-- This site is optimized with the Yoast SEO plugin v25.7 - https:\/\/yoast.com\/wordpress\/plugins\/seo\/ -->\n<title>Equipe - IN ITINERE<\/title>\n<meta name=\"robots\" content=\"index, follow, max-snippet:-1, max-image-preview:large, max-video-preview:-1\" \/>\n<link rel=\"canonical\" href=\"http:\/\/initinere.fr\/?page_id=1583\" \/>\n<meta property=\"og:locale\" content=\"fr_FR\" \/>\n<meta property=\"og:type\" content=\"article\" \/>\n<meta property=\"og:title\" content=\"Equipe - IN ITINERE\" \/>\n<meta property=\"og:description\" content=\"Deux expertes, une vision commune are harry winston replica watch ferrari king gold china can it bring breitling replica watches navitimer global clear back best aaa replica watches carrera 17 flawless for replica swatches stop in 12 hours noob factory patek philippe watches automatic santos red faved at replica rolex watches from dhgate legal spotting [&hellip;]\" \/>\n<meta property=\"og:url\" content=\"http:\/\/initinere.fr\/?page_id=1583\" \/>\n<meta property=\"og:site_name\" content=\"IN ITINERE\" \/>\n<meta property=\"article:modified_time\" content=\"2025-06-21T07:13:13+00:00\" \/>\n<meta property=\"og:image\" content=\"http:\/\/initinere.fr\/wp-content\/uploads\/2022\/08\/qi-addons-for-elementor-placeholder.png\" \/>\n<meta name=\"twitter:card\" content=\"summary_large_image\" \/>\n<meta name=\"twitter:label1\" content=\"Dur\u00e9e de lecture estim\u00e9e\" \/>\n\t<meta name=\"twitter:data1\" content=\"3 minutes\" \/>\n<script type=\"application\/ld+json\" class=\"yoast-schema-graph\">{\"@context\":\"https:\/\/schema.org\",\"@graph\":[{\"@type\":\"WebPage\",\"@id\":\"http:\/\/initinere.fr\/?page_id=1583\",\"url\":\"http:\/\/initinere.fr\/?page_id=1583\",\"name\":\"Equipe - IN ITINERE\",\"isPartOf\":{\"@id\":\"http:\/\/initinere.fr\/#website\"},\"primaryImageOfPage\":{\"@id\":\"http:\/\/initinere.fr\/?page_id=1583#primaryimage\"},\"image\":{\"@id\":\"http:\/\/initinere.fr\/?page_id=1583#primaryimage\"},\"thumbnailUrl\":\"http:\/\/initinere.fr\/wp-content\/uploads\/2022\/08\/qi-addons-for-elementor-placeholder.png\",\"datePublished\":\"2021-10-07T16:42:42+00:00\",\"dateModified\":\"2025-06-21T07:13:13+00:00\",\"breadcrumb\":{\"@id\":\"http:\/\/initinere.fr\/?page_id=1583#breadcrumb\"},\"inLanguage\":\"fr-FR\",\"potentialAction\":[{\"@type\":\"ReadAction\",\"target\":[\"http:\/\/initinere.fr\/?page_id=1583\"]}]},{\"@type\":\"ImageObject\",\"inLanguage\":\"fr-FR\",\"@id\":\"http:\/\/initinere.fr\/?page_id=1583#primaryimage\",\"url\":\"http:\/\/initinere.fr\/wp-content\/uploads\/2022\/08\/qi-addons-for-elementor-placeholder.png\",\"contentUrl\":\"http:\/\/initinere.fr\/wp-content\/uploads\/2022\/08\/qi-addons-for-elementor-placeholder.png\"},{\"@type\":\"BreadcrumbList\",\"@id\":\"http:\/\/initinere.fr\/?page_id=1583#breadcrumb\",\"itemListElement\":[{\"@type\":\"ListItem\",\"position\":1,\"name\":\"Accueil\",\"item\":\"http:\/\/initinere.fr\/\"},{\"@type\":\"ListItem\",\"position\":2,\"name\":\"Equipe\"}]},{\"@type\":\"WebSite\",\"@id\":\"http:\/\/initinere.fr\/#website\",\"url\":\"http:\/\/initinere.fr\/\",\"name\":\"IN ITINERE\",\"description\":\"Rendre compte par la confiance\",\"publisher\":{\"@id\":\"http:\/\/initinere.fr\/#organization\"},\"potentialAction\":[{\"@type\":\"SearchAction\",\"target\":{\"@type\":\"EntryPoint\",\"urlTemplate\":\"http:\/\/initinere.fr\/?s={search_term_string}\"},\"query-input\":{\"@type\":\"PropertyValueSpecification\",\"valueRequired\":true,\"valueName\":\"search_term_string\"}}],\"inLanguage\":\"fr-FR\"},{\"@type\":\"Organization\",\"@id\":\"http:\/\/initinere.fr\/#organization\",\"name\":\"IN ITINERE\",\"url\":\"http:\/\/initinere.fr\/\",\"logo\":{\"@type\":\"ImageObject\",\"inLanguage\":\"fr-FR\",\"@id\":\"http:\/\/initinere.fr\/#\/schema\/logo\/image\/\",\"url\":\"http:\/\/initinere.fr\/wp-content\/uploads\/2022\/12\/cropped-initinere.png\",\"contentUrl\":\"http:\/\/initinere.fr\/wp-content\/uploads\/2022\/12\/cropped-initinere.png\",\"width\":212,\"height\":126,\"caption\":\"IN ITINERE\"},\"image\":{\"@id\":\"http:\/\/initinere.fr\/#\/schema\/logo\/image\/\"},\"sameAs\":[\"https:\/\/www.linkedin.com\/in\/isabelle-lescanne-sauguet-a206a959\/?originalSubdomain=fr\",\"https:\/\/www.linkedin.com\/search\/results\/all\/?heroEntityKey=urnlifsd_profileACoAAAQvgXMBGrSZmq_iGv1jGJlp0oEMyRjqThQ&amp;amp;ampampkeywords=pascalelevet&amp;amp;ampamporigin=RICH_QUERY_SUGGESTION&amp;amp;ampampposition=0&amp;amp;ampampsearchId=b147fc7e-352c-4d74-80bc-4c446192c866&amp;amp;ampampsid=Ro\",\"https:\/\/www.linkedin.com\/search\/results\/all\/?heroEntityKey=urnlifsd_profileACoAAAS9hpEBb6-XOzdZGVcXfasKs6qO5gKF9Tw&amp;amp;ampampkeywords=aurlieghemourikrief&amp;amp;ampamporigin=RICH_QUERY_SUGGESTION&amp;amp;ampampposition=0&amp;amp;ampampsearchId=f2293d4f-84e9-4f00-bea9-83d638904776&amp;amp;ampampsid=vQK\"]}]}<\/script>\n<!-- \/ Yoast SEO plugin. -->","yoast_head_json":{"title":"Equipe - IN ITINERE","robots":{"index":"index","follow":"follow","max-snippet":"max-snippet:-1","max-image-preview":"max-image-preview:large","max-video-preview":"max-video-preview:-1"},"canonical":"http:\/\/initinere.fr\/?page_id=1583","og_locale":"fr_FR","og_type":"article","og_title":"Equipe - IN ITINERE","og_description":"Deux expertes, une vision commune are harry winston replica watch ferrari king gold china can it bring breitling replica watches navitimer global clear back best aaa replica watches carrera 17 flawless for replica swatches stop in 12 hours noob factory patek philippe watches automatic santos red faved at replica rolex watches from dhgate legal spotting [&hellip;]","og_url":"http:\/\/initinere.fr\/?page_id=1583","og_site_name":"IN ITINERE","article_modified_time":"2025-06-21T07:13:13+00:00","og_image":[{"url":"http:\/\/initinere.fr\/wp-content\/uploads\/2022\/08\/qi-addons-for-elementor-placeholder.png","type":"","width":"","height":""}],"twitter_card":"summary_large_image","twitter_misc":{"Dur\u00e9e de lecture estim\u00e9e":"3 minutes"},"schema":{"@context":"https:\/\/schema.org","@graph":[{"@type":"WebPage","@id":"http:\/\/initinere.fr\/?page_id=1583","url":"http:\/\/initinere.fr\/?page_id=1583","name":"Equipe - IN ITINERE","isPartOf":{"@id":"http:\/\/initinere.fr\/#website"},"primaryImageOfPage":{"@id":"http:\/\/initinere.fr\/?page_id=1583#primaryimage"},"image":{"@id":"http:\/\/initinere.fr\/?page_id=1583#primaryimage"},"thumbnailUrl":"http:\/\/initinere.fr\/wp-content\/uploads\/2022\/08\/qi-addons-for-elementor-placeholder.png","datePublished":"2021-10-07T16:42:42+00:00","dateModified":"2025-06-21T07:13:13+00:00","breadcrumb":{"@id":"http:\/\/initinere.fr\/?page_id=1583#breadcrumb"},"inLanguage":"fr-FR","potentialAction":[{"@type":"ReadAction","target":["http:\/\/initinere.fr\/?page_id=1583"]}]},{"@type":"ImageObject","inLanguage":"fr-FR","@id":"http:\/\/initinere.fr\/?page_id=1583#primaryimage","url":"http:\/\/initinere.fr\/wp-content\/uploads\/2022\/08\/qi-addons-for-elementor-placeholder.png","contentUrl":"http:\/\/initinere.fr\/wp-content\/uploads\/2022\/08\/qi-addons-for-elementor-placeholder.png"},{"@type":"BreadcrumbList","@id":"http:\/\/initinere.fr\/?page_id=1583#breadcrumb","itemListElement":[{"@type":"ListItem","position":1,"name":"Accueil","item":"http:\/\/initinere.fr\/"},{"@type":"ListItem","position":2,"name":"Equipe"}]},{"@type":"WebSite","@id":"http:\/\/initinere.fr\/#website","url":"http:\/\/initinere.fr\/","name":"IN ITINERE","description":"Rendre compte par la confiance","publisher":{"@id":"http:\/\/initinere.fr\/#organization"},"potentialAction":[{"@type":"SearchAction","target":{"@type":"EntryPoint","urlTemplate":"http:\/\/initinere.fr\/?s={search_term_string}"},"query-input":{"@type":"PropertyValueSpecification","valueRequired":true,"valueName":"search_term_string"}}],"inLanguage":"fr-FR"},{"@type":"Organization","@id":"http:\/\/initinere.fr\/#organization","name":"IN ITINERE","url":"http:\/\/initinere.fr\/","logo":{"@type":"ImageObject","inLanguage":"fr-FR","@id":"http:\/\/initinere.fr\/#\/schema\/logo\/image\/","url":"http:\/\/initinere.fr\/wp-content\/uploads\/2022\/12\/cropped-initinere.png","contentUrl":"http:\/\/initinere.fr\/wp-content\/uploads\/2022\/12\/cropped-initinere.png","width":212,"height":126,"caption":"IN ITINERE"},"image":{"@id":"http:\/\/initinere.fr\/#\/schema\/logo\/image\/"},"sameAs":["https:\/\/www.linkedin.com\/in\/isabelle-lescanne-sauguet-a206a959\/?originalSubdomain=fr","https:\/\/www.linkedin.com\/search\/results\/all\/?heroEntityKey=urnlifsd_profileACoAAAQvgXMBGrSZmq_iGv1jGJlp0oEMyRjqThQ&amp;amp;ampampkeywords=pascalelevet&amp;amp;ampamporigin=RICH_QUERY_SUGGESTION&amp;amp;ampampposition=0&amp;amp;ampampsearchId=b147fc7e-352c-4d74-80bc-4c446192c866&amp;amp;ampampsid=Ro","https:\/\/www.linkedin.com\/search\/results\/all\/?heroEntityKey=urnlifsd_profileACoAAAS9hpEBb6-XOzdZGVcXfasKs6qO5gKF9Tw&amp;amp;ampampkeywords=aurlieghemourikrief&amp;amp;ampamporigin=RICH_QUERY_SUGGESTION&amp;amp;ampampposition=0&amp;amp;ampampsearchId=f2293d4f-84e9-4f00-bea9-83d638904776&amp;amp;ampampsid=vQK"]}]}},"_links":{"self":[{"href":"http:\/\/initinere.fr\/index.php?rest_route=\/wp\/v2\/pages\/1583","targetHints":{"allow":["GET"]}}],"collection":[{"href":"http:\/\/initinere.fr\/index.php?rest_route=\/wp\/v2\/pages"}],"about":[{"href":"http:\/\/initinere.fr\/index.php?rest_route=\/wp\/v2\/types\/page"}],"author":[{"embeddable":true,"href":"http:\/\/initinere.fr\/index.php?rest_route=\/wp\/v2\/users\/1"}],"replies":[{"embeddable":true,"href":"http:\/\/initinere.fr\/index.php?rest_route=%2Fwp%2Fv2%2Fcomments&post=1583"}],"version-history":[{"count":135,"href":"http:\/\/initinere.fr\/index.php?rest_route=\/wp\/v2\/pages\/1583\/revisions"}],"predecessor-version":[{"id":12400,"href":"http:\/\/initinere.fr\/index.php?rest_route=\/wp\/v2\/pages\/1583\/revisions\/12400"}],"wp:attachment":[{"href":"http:\/\/initinere.fr\/index.php?rest_route=%2Fwp%2Fv2%2Fmedia&parent=1583"}],"curies":[{"name":"wp","href":"https:\/\/api.w.org\/{rel}","templated":true}]}}